Select a Year or Month report
Report for 2024 Mar
MONTHLY CLIMATOLOGICAL SUMMARY for MAR. 2024
NAME: Kritsa Weather Station CITY: Kritsa Weather Station STATE:
ELEV: 270 m LAT: 35 06' 00" N LONG: 25 24' 00" E
TEMPERATURE (C), RAIN (mm), WIND SPEED (km/hr)
HEAT COOL AVG
MEAN DEG DEG WIND DOM
DAY TEMP HIGH TIME LOW TIME DAYS DAYS RAIN SPEED HIGH TIME DIR
------------------------------------------------------------------------------------
1 13.5 16.2 16:50 10.4 23:30 1.8 0.0 36.2 0.2 32.2 20:40 SW
2 14.9 19.3 12:50 11.5 20:40 2.1 0.0 4.8 0.3 30.6 13:20 W
3 14.2 18.2 12:20 10.5 00:00 4.1 0.0 0.0 0.0 19.3 0:50 W
4 13.9 18.4 13:40 9.4 6:50 4.4 0.0 0.0 0.0 20.9 23:10 NE
5 14.5 18.2 13:50 11.5 21:20 3.8 0.0 3.2 0.3 29.0 13:30 W
6 13.9 17.8 15:00 10.4 00:00 4.4 0.0 0.0 0.2 29.0 13:20 W
7 13.6 17.8 12:40 9.2 6:40 4.7 0.0 0.0 0.0 8.0 2:00 E
8 14.9 19.1 12:50 9.4 23:50 2.2 0.0 0.0 0.2 27.4 19:30 W
9 12.4 15.8 14:00 8.6 6:00 5.3 0.0 0.0 0.8 29.0 13:50 NE
10 13.6 16.4 11:40 9.1 7:10 3.1 0.0 0.0 0.2 27.4 9:20 NE
11 18.1 23.1 14:40 11.5 23:30 1.1 0.9 0.0 0.2 37.0 18:50 NE
12 17.0 21.4 10:50 13.1 22:00 1.1 0.4 0.0 1.6 37.0 11:00 SW
13 13.6 17.4 14:00 10.3 00:00 4.7 0.0 1.0 0.0 12.9 10:00 ENE
14 12.6 17.9 11:20 9.4 6:10 5.7 0.0 14.2 0.0 14.5 12:00 ENE
15 13.0 17.4 10:30 8.8 6:00 5.3 0.0 0.0 0.0 17.7 0:30 E
16 13.0 16.8 8:50 9.1 6:00 5.3 0.0 4.6 0.0 11.3 11:10 E
17 13.8 17.3 12:30 10.9 6:50 4.5 0.0 0.0 0.3 29.0 15:20 NE
18 14.1 16.6 13:00 11.8 2:20 4.2 0.0 0.2 1.3 41.8 12:40 NE
19 16.1 19.6 13:30 12.2 00:00 2.3 0.1 0.0 0.6 29.0 1:50 W
20 13.1 19.1 9:30 10.4 22:10 5.2 0.0 5.4 0.2 25.7 13:00 NE
21 12.3 14.9 13:00 10.1 3:20 6.0 0.0 0.0 1.1 45.1 10:30 NE
22 13.6 18.3 12:10 8.2 5:50 4.7 0.0 0.0 0.2 24.1 17:20 ESE
23 11.9 15.7 11:30 8.2 23:40 6.4 0.0 0.0 0.5 25.7 9:30 NE
24 12.3 17.4 13:50 6.2 3:40 6.0 0.0 0.0 0.0 12.9 10:10 ENE
25 16.4 23.3 14:30 10.8 2:40 2.8 0.9 0.0 0.3 32.2 14:30 ESE
26 20.5 23.0 18:50 15.4 0:10 0.1 1.2 0.0 1.0 46.7 21:00 SW
27 24.2 27.5 13:50 16.6 1:10 0.1 6.0 0.0 8.4 77.2 4:10 SW
28 20.3 24.9 0:10 13.9 22:40 0.6 2.6 0.0 5.1 56.3 0:30 SW
29 16.0 20.7 8:20 13.3 4:30 2.1 0.2 0.0 0.0 12.9 6:50 ENE
30 18.4 23.6 11:50 13.4 6:00 1.4 1.5 0.0 0.0 16.1 12:10 ENE
31 21.1 27.6 17:10 15.9 4:20 0.5 3.2 0.0 0.0 14.5 14:30 NE
-------------------------------------------------------------------------------------
15.2 27.6 31 6.2 24 106.0 17.0 69.6 0.7 77.2 27 NE
Max >= 32.0: 0
Max <= 0.0: 0
Min <= 0.0: 0
Min <= -18.0: 0
Max Rain: 36.19 ON 01/03/24
Days of Rain: 8 (> .2 mm) 6 (> 2 mm) 1 (> 20 mm)
Heat Base: 18.3 Cool Base: 18.3 Method: Integration