Select a Year or Month report
Report for 2024 Feb
MONTHLY CLIMATOLOGICAL SUMMARY for FEB. 2024
NAME: Kritsa Weather Station CITY: Kritsa Weather Station STATE:
ELEV: 270 m LAT: 35 06' 00" N LONG: 25 24' 00" E
TEMPERATURE (C), RAIN (mm), WIND SPEED (km/hr)
HEAT COOL AVG
MEAN DEG DEG WIND DOM
DAY TEMP HIGH TIME LOW TIME DAYS DAYS RAIN SPEED HIGH TIME DIR
------------------------------------------------------------------------------------
1 10.2 12.4 15:20 8.4 0:10 8.1 0.0 1.4 0.5 30.6 13:50 NE
2 9.6 14.2 12:50 5.2 5:50 8.7 0.0 0.0 0.3 24.1 15:10 W
3 11.3 13.8 12:10 9.4 5:00 6.9 0.0 0.0 0.2 27.4 14:10 NE
4 12.4 17.0 13:10 7.9 5:20 5.8 0.0 0.0 0.0 19.3 1:20 W
5 14.3 21.1 14:20 9.3 2:20 4.4 0.4 0.0 0.0 16.1 12:20 ENE
6 14.8 19.8 11:00 10.6 23:40 3.6 0.2 0.0 0.0 6.4 15:10 E
7 13.7 20.2 13:20 9.0 7:10 4.8 0.2 0.0 0.0 4.8 14:30 ENE
8 14.9 19.3 15:10 10.7 6:50 3.6 0.1 0.2 0.2 30.6 19:10 SW
9 13.8 18.2 12:50 10.3 7:30 4.5 0.0 0.0 0.0 8.0 12:50 ENE
10 14.0 20.3 15:50 9.3 4:10 4.4 0.1 0.0 0.3 30.6 23:30 NE
11 16.1 18.4 13:30 13.7 2:10 1.8 0.0 0.0 3.5 74.0 16:20 SW
12 14.9 17.0 12:40 10.6 23:30 3.4 0.0 1.4 1.1 40.2 12:30 SE
13 13.1 17.1 11:50 9.3 5:00 5.2 0.0 0.0 0.0 22.5 22:00 W
14 12.1 15.1 14:00 10.0 4:30 6.2 0.0 5.6 0.3 35.4 16:00 NE
15 10.3 12.2 1:10 8.9 19:30 7.9 0.0 44.4 0.6 37.0 10:10 NW
16 11.4 13.4 12:50 9.8 4:20 6.9 0.0 7.0 0.8 29.0 12:40 NE
17 11.5 12.2 16:20 10.6 0:50 6.8 0.0 0.0 0.2 30.6 5:10 NE
18 12.8 14.8 11:00 11.3 1:20 5.5 0.0 0.0 1.6 45.1 11:20 NE
19 13.3 16.4 13:20 11.0 19:50 5.0 0.0 0.0 0.8 30.6 3:30 W
20 11.3 14.6 11:40 8.4 5:50 7.0 0.0 0.0 0.0 12.9 9:40 NE
21 11.7 15.0 11:50 8.1 6:50 6.6 0.0 0.0 0.0 8.0 13:20 E
22 11.9 15.7 10:00 8.6 6:00 6.4 0.0 2.0 0.0 0.0 --- ---
23 13.1 18.4 13:40 9.5 1:20 2.8 0.0 0.2 0.0 1.6 13:40 NE
24 15.2 21.1 14:30 11.1 3:20 3.6 0.5 0.0 0.5 22.5 12:30 SE
25 14.7 18.2 19:10 12.1 4:00 1.3 0.0 0.0 1.9 59.5 19:20 SW
26 13.7 16.1 16:40 9.9 7:00 4.6 0.0 13.4 1.6 43.5 2:40 SW
27 14.1 16.6 12:00 11.9 1:30 4.3 0.0 0.4 0.0 9.7 4:40 NE
28 15.8 18.2 15:10 12.3 1:20 2.4 0.0 0.0 1.0 30.6 16:00 SE
29 16.2 17.6 13:20 15.4 00:00 1.0 0.0 0.0 2.1 41.8 14:00 SE
-------------------------------------------------------------------------------------
13.2 21.1 5 5.2 2 143.6 1.5 76.0 0.6 74.0 11 NE
Max >= 32.0: 0
Max <= 0.0: 0
Min <= 0.0: 0
Min <= -18.0: 0
Max Rain: 44.40 ON 15/02/24
Days of Rain: 10 (> .2 mm) 5 (> 2 mm) 1 (> 20 mm)
Heat Base: 18.3 Cool Base: 18.3 Method: Integration