Select a Year or Month report
Report for 2024 Jan
MONTHLY CLIMATOLOGICAL SUMMARY for JAN. 2024
NAME: Kritsa Weather Station CITY: Kritsa Weather Station STATE:
ELEV: 270 m LAT: 35 06' 00" N LONG: 25 24' 00" E
TEMPERATURE (C), RAIN (mm), WIND SPEED (km/hr)
HEAT COOL AVG
MEAN DEG DEG WIND DOM
DAY TEMP HIGH TIME LOW TIME DAYS DAYS RAIN SPEED HIGH TIME DIR
------------------------------------------------------------------------------------
1 14.9 18.3 15:00 12.3 23:30 1.6 0.0 0.0 0.0 1.6 13:30 N
2 14.6 18.6 10:50 11.4 5:00 3.7 0.0 0.0 0.0 1.6 13:50 SE
3 14.6 19.4 12:30 11.7 6:00 3.7 0.1 0.0 0.0 3.2 14:40 E
4 15.2 19.7 13:00 12.3 7:40 3.2 0.1 0.0 0.0 6.4 12:30 ENE
5 15.6 19.4 13:10 12.4 00:00 2.9 0.1 0.0 0.2 29.0 6:30 W
6 15.7 20.3 12:10 11.2 4:50 2.8 0.2 0.0 1.4 45.1 00:00 SE
7 16.2 19.2 11:40 13.3 00:00 1.4 0.1 0.4 0.3 22.5 13:20 W
8 14.9 18.3 13:20 12.9 5:00 3.3 0.0 0.0 0.0 24.1 15:20 E
9 13.0 16.5 13:20 9.6 21:20 5.3 0.0 5.6 0.2 27.4 3:10 SW
10 9.8 11.0 10:40 8.8 22:40 8.5 0.0 11.0 1.6 40.2 17:10 NE
11 10.2 12.4 15:10 8.6 23:30 8.1 0.0 0.2 0.8 35.4 4:00 W
12 10.8 14.2 13:00 8.3 1:00 7.5 0.0 11.4 0.0 6.4 14:40 NE
13 9.1 10.4 13:00 8.3 6:20 9.2 0.0 6.0 0.2 25.7 9:20 NW
14 10.8 13.9 14:10 8.9 7:40 7.5 0.0 0.0 0.0 17.7 1:20 W
15 12.8 17.0 12:40 9.1 6:50 5.4 0.0 0.8 1.1 46.7 22:30 SW
16 15.8 18.5 13:50 13.0 23:50 2.0 0.0 0.0 1.9 57.9 1:40 SW
17 14.6 18.6 12:40 11.3 7:10 2.6 0.0 0.0 0.0 4.8 11:50 E
18 15.4 22.4 15:40 10.9 3:30 3.3 0.6 0.0 0.0 16.1 16:00 ENE
19 18.8 24.3 13:20 15.1 23:20 0.6 0.9 0.0 0.0 3.2 17:10 NNE
20 19.1 22.7 23:20 15.9 20:40 0.4 0.8 0.0 0.0 25.7 22:50 SW
21 12.8 18.9 0:10 10.5 00:00 3.5 0.0 22.6 0.6 30.6 13:50 NE
22 9.4 10.6 15:00 8.6 18:50 8.9 0.0 3.8 2.1 38.6 6:40 NE
23 10.5 12.9 14:20 8.9 0:10 7.8 0.0 0.0 0.5 30.6 10:30 W
24 11.5 13.8 13:40 10.2 0:10 6.8 0.0 0.0 1.1 40.2 18:50 NE
25 11.6 14.6 15:10 9.2 21:30 6.5 0.0 0.0 0.5 37.0 12:50 W
26 12.8 15.5 13:10 11.3 23:40 3.4 0.0 0.4 0.6 27.4 14:00 NE
27 12.5 15.2 12:30 10.4 7:20 5.8 0.0 0.0 0.2 22.5 2:10 W
28 10.2 13.1 9:10 7.7 16:00 8.1 0.0 18.2 0.0 16.1 14:40 NW
29 8.1 9.4 13:20 5.3 21:10 10.3 0.0 4.2 3.5 64.4 18:50 NE
30 6.5 8.8 14:20 3.8 22:50 11.8 0.0 18.0 1.8 188.3 14:40 NE
31 7.3 9.2 15:00 4.0 0:30 11.0 0.0 28.6 0.3 32.2 13:10 NW
-------------------------------------------------------------------------------------
12.7 24.3 19 3.8 30 166.8 2.8 131.2 0.6 188.3 30 NE
Max >= 32.0: 0
Max <= 0.0: 0
Min <= 0.0: 0
Min <= -18.0: 0
Max Rain: 28.60 ON 31/01/24
Days of Rain: 14 (> .2 mm) 10 (> 2 mm) 2 (> 20 mm)
Heat Base: 18.3 Cool Base: 18.3 Method: Integration