Select a Year or Month report
Report for 2023 Dec
MONTHLY CLIMATOLOGICAL SUMMARY for DEC. 2023
NAME: Kritsa Weather Station CITY: Kritsa Weather Station STATE:
ELEV: 270 m LAT: 35 06' 00" N LONG: 25 24' 00" E
TEMPERATURE (C), RAIN (mm), WIND SPEED (km/hr)
HEAT COOL AVG
MEAN DEG DEG WIND DOM
DAY TEMP HIGH TIME LOW TIME DAYS DAYS RAIN SPEED HIGH TIME DIR
------------------------------------------------------------------------------------
1 16.7 21.1 13:30 13.3 7:10 2.2 0.6 0.0 0.0 3.2 13:30 E
2 17.9 23.8 13:30 13.8 5:30 1.7 1.3 0.0 0.0 1.6 11:30 ENE
3 17.3 22.5 12:20 14.0 23:00 1.8 0.9 0.0 0.2 25.7 14:00 S
4 16.4 21.1 11:20 13.0 1:50 2.4 0.5 0.0 0.0 11.3 12:10 ENE
5 16.2 18.6 13:00 14.3 23:30 1.0 0.0 0.0 0.0 1.6 13:00 E
6 16.4 20.7 12:10 14.2 22:20 2.2 0.3 0.0 0.0 19.3 12:10 W
7 16.1 19.2 13:20 14.0 1:50 2.3 0.0 0.0 0.0 17.7 16:20 W
8 14.1 16.7 9:50 11.6 22:10 4.2 0.0 0.0 0.3 24.1 15:00 W
9 11.5 14.7 13:10 9.3 5:40 6.8 0.0 1.8 0.2 27.4 13:30 NE
10 11.4 13.9 11:30 9.0 4:30 6.9 0.0 1.0 0.0 1.6 6:00 N
11 13.2 16.8 13:30 10.2 3:50 5.1 0.0 12.6 0.0 17.7 11:10 NE
12 14.7 17.4 13:40 10.4 6:10 3.7 0.0 0.0 0.2 29.0 22:20 W
13 15.1 20.4 15:30 11.2 6:40 3.4 0.2 0.0 0.0 11.3 13:00 ENE
14 17.7 23.2 12:10 12.9 1:30 1.9 1.2 0.0 0.0 19.3 23:40 SW
15 19.4 22.6 1:00 16.4 4:30 0.3 1.5 0.0 4.8 51.5 9:20 SW
16 17.3 20.6 15:20 12.6 23:40 1.4 0.4 0.0 1.8 46.7 6:40 SW
17 12.9 14.4 0:20 12.1 20:20 5.4 0.0 10.0 1.9 37.0 13:50 NE
18 12.8 16.7 11:20 9.0 23:10 5.5 0.0 0.0 2.1 35.4 10:50 NE
19 12.3 17.6 12:30 8.1 5:40 6.0 0.0 0.0 0.0 1.6 11:50 ESE
20 13.2 17.8 13:50 9.4 3:40 5.1 0.0 9.6 0.3 29.0 21:20 SE
21 14.2 16.1 3:30 11.9 10:10 4.1 0.0 16.4 0.8 43.5 1:40 W
22 14.8 18.6 14:30 11.2 7:00 3.5 0.0 0.0 0.2 40.2 14:50 W
23 16.2 19.6 12:40 13.2 0:30 1.4 0.1 0.0 0.2 24.1 3:50 W
24 --- --- --- --- --- 0.0 0.0 0.0 0.0 0.0 --- ---
25 17.7 18.7 11:10 15.1 9:00 0.1 0.0 0.0 0.0 1.6 11:50 N
26 17.0 19.9 13:10 14.0 21:40 0.8 0.1 0.0 0.3 27.4 13:50 SW
27 15.8 18.6 10:50 14.1 4:40 1.5 0.0 0.0 0.0 3.2 12:50 N
28 --- --- --- --- --- 0.0 0.0 0.0 0.0 0.0 --- ---
29 14.8 16.7 12:40 12.6 23:10 1.8 0.0 0.0 0.0 0.0 --- ---
30 13.8 17.1 11:10 11.0 4:00 4.5 0.0 0.0 0.0 1.6 2:00 W
31 14.1 17.2 10:00 11.8 3:50 2.8 0.0 0.0 0.0 0.0 --- ---
-------------------------------------------------------------------------------------
15.2 23.8 2 8.1 19 89.9 7.1 51.4 0.4 51.5 15 NE
Max >= 32.0: 0
Max <= 0.0: 0
Min <= 0.0: 0
Min <= -18.0: 0
Max Rain: 16.41 ON 21/12/23
Days of Rain: 6 (> .2 mm) 4 (> 2 mm) 0 (> 20 mm)
Heat Base: 18.3 Cool Base: 18.3 Method: Integration