Select a Year or Month report
Report for 2023 Nov
MONTHLY CLIMATOLOGICAL SUMMARY for NOV. 2023
NAME: Kritsa Weather Station CITY: Kritsa Weather Station STATE:
ELEV: 270 m LAT: 35 06' 00" N LONG: 25 24' 00" E
TEMPERATURE (C), RAIN (mm), WIND SPEED (km/hr)
HEAT COOL AVG
MEAN DEG DEG WIND DOM
DAY TEMP HIGH TIME LOW TIME DAYS DAYS RAIN SPEED HIGH TIME DIR
------------------------------------------------------------------------------------
1 20.7 26.3 11:00 16.8 0:50 0.2 2.6 0.0 0.0 12.9 11:50 ENE
2 21.3 26.4 13:10 18.2 6:40 0.0 3.0 0.0 0.0 12.9 13:20 E
3 23.1 28.4 12:50 18.2 6:30 0.0 4.7 0.0 0.0 14.5 11:30 ENE
4 26.9 30.3 15:10 21.0 21:40 0.0 8.6 0.0 1.3 30.6 4:50 SW
5 21.5 25.2 12:50 17.9 23:50 0.0 3.2 0.0 0.0 9.7 13:10 NE
6 20.8 25.4 12:30 16.8 5:40 0.3 2.7 0.0 0.0 6.4 12:30 ESE
7 19.9 24.1 12:00 16.9 00:00 0.3 2.0 0.0 0.0 3.2 8:10 E
8 19.6 24.3 12:40 14.8 4:20 0.9 2.2 0.0 0.0 22.5 12:40 NE
9 18.9 23.1 13:40 15.7 5:10 0.8 1.4 0.0 0.0 8.0 14:00 E
10 19.9 24.3 15:20 15.9 7:00 0.6 2.1 0.0 0.2 24.1 23:00 NE
11 21.3 28.5 13:20 17.2 3:40 0.2 3.2 0.0 0.8 40.2 10:10 SW
12 20.1 24.4 10:10 17.3 22:30 0.1 1.9 0.0 0.0 4.8 7:30 ESE
13 19.9 25.0 10:40 16.8 5:50 0.2 1.9 0.8 0.5 30.6 23:50 NE
14 19.5 24.7 14:00 15.1 00:00 0.5 1.7 0.0 1.3 35.4 9:40 NE
15 18.4 23.6 12:50 14.4 2:00 1.3 1.4 0.0 0.0 9.7 11:20 E
16 19.2 24.7 12:50 16.2 4:50 0.7 1.6 0.0 0.8 32.2 13:00 NE
17 17.7 21.6 14:50 14.1 7:00 1.5 0.9 0.0 0.0 3.2 14:50 SW
18 18.2 24.1 13:10 12.7 23:20 1.5 1.4 3.8 0.6 43.5 17:00 W
19 13.1 14.5 10:30 10.9 5:50 5.2 0.0 13.0 0.5 35.4 8:40 NE
20 14.7 18.4 13:50 10.4 7:10 3.6 0.0 0.0 0.0 17.7 0:10 W
21 17.2 22.5 13:30 12.6 3:40 2.0 0.9 0.0 0.5 27.4 11:20 SW
22 19.2 21.2 9:20 15.8 1:00 0.2 1.1 0.8 0.8 40.2 3:10 SW
23 18.5 20.2 13:10 16.6 00:00 0.3 0.5 8.6 0.0 20.9 13:40 SW
24 17.3 20.8 11:20 15.2 7:40 1.4 0.4 0.4 0.2 17.7 11:30 SE
25 18.7 23.0 13:50 14.7 1:50 0.7 1.1 5.6 2.3 67.6 20:00 SW
26 14.4 18.3 2:00 10.8 19:30 3.9 0.0 0.4 1.3 41.8 1:50 W
27 12.6 16.1 13:20 9.7 6:20 5.7 0.0 0.2 0.0 29.0 15:10 W
28 15.1 18.3 14:20 9.2 2:00 3.2 0.0 0.0 5.0 67.6 10:50 SW
29 17.9 19.7 13:20 16.2 7:30 0.6 0.2 0.0 1.0 43.5 11:10 ENE
30 18.7 22.1 10:40 15.3 23:00 0.6 0.9 0.0 0.0 9.7 12:20 NNE
-------------------------------------------------------------------------------------
18.8 30.3 4 9.2 28 36.5 51.6 33.6 0.6 67.6 25 SW
Max >= 32.0: 0
Max <= 0.0: 0
Min <= 0.0: 0
Min <= -18.0: 0
Max Rain: 13.00 ON 19/11/23
Days of Rain: 9 (> .2 mm) 4 (> 2 mm) 0 (> 20 mm)
Heat Base: 18.3 Cool Base: 18.3 Method: Integration