Select a Year or Month report
Report for 2023 Oct
MONTHLY CLIMATOLOGICAL SUMMARY for OCT. 2023
NAME: Kritsa Weather Station CITY: Kritsa Weather Station STATE:
ELEV: 270 m LAT: 35 06' 00" N LONG: 25 24' 00" E
TEMPERATURE (C), RAIN (mm), WIND SPEED (km/hr)
HEAT COOL AVG
MEAN DEG DEG WIND DOM
DAY TEMP HIGH TIME LOW TIME DAYS DAYS RAIN SPEED HIGH TIME DIR
------------------------------------------------------------------------------------
1 23.3 26.2 14:10 21.1 2:20 0.0 5.0 0.0 1.9 45.1 11:30 NW
2 23.1 25.1 13:40 20.9 19:20 0.0 4.8 0.8 2.1 45.1 11:10 NE
3 22.1 24.9 15:30 19.3 00:00 0.0 3.8 0.0 2.4 41.8 14:20 NE
4 21.2 25.7 13:40 17.3 00:00 0.0 3.0 0.0 0.5 20.9 12:40 NE
5 19.7 24.6 14:40 15.1 6:20 0.8 2.2 0.0 0.0 16.1 15:00 ENE
6 20.0 25.4 12:40 14.9 5:30 0.7 2.4 0.0 0.6 37.0 13:20 NE
7 21.1 26.8 14:30 16.2 2:00 0.4 3.2 0.0 0.5 22.5 11:00 NE
8 20.6 25.8 15:00 16.1 7:10 0.5 2.8 0.0 0.2 16.1 12:10 ENE
9 21.8 27.2 14:40 15.8 5:50 0.5 4.0 0.0 0.8 29.0 11:50 NE
10 23.5 26.7 14:00 20.3 7:00 0.0 5.2 0.0 1.0 35.4 12:50 NE
11 21.9 24.7 11:30 19.3 20:50 0.0 3.6 0.0 2.6 43.5 20:30 NE
12 20.3 23.4 11:20 16.8 00:00 0.1 2.1 0.0 1.1 33.8 1:40 W
13 18.6 22.6 10:30 15.3 7:00 1.0 1.3 0.0 0.0 14.5 11:30 ENE
14 18.9 24.2 14:00 14.9 6:50 1.1 1.7 0.0 0.0 17.7 12:10 ENE
15 21.9 24.8 12:20 17.9 8:10 0.0 2.4 0.0 0.0 14.5 14:50 ENE
16 21.8 26.4 13:30 17.9 4:30 0.0 3.5 0.0 0.0 16.1 15:00 E
17 20.0 23.0 10:50 17.4 22:20 0.1 1.8 0.0 0.3 19.3 6:10 ESE
18 23.8 29.2 14:30 19.8 22:50 0.0 2.2 0.0 0.0 16.1 15:10 W
19 19.6 21.6 14:50 17.3 00:00 0.1 1.1 0.0 0.0 6.4 15:00 E
20 21.5 27.0 15:00 16.6 5:40 0.5 3.6 0.0 0.0 19.3 14:10 ENE
21 23.8 31.0 13:20 19.0 7:00 0.0 5.5 0.0 0.0 19.3 13:30 ENE
22 23.8 30.1 14:10 19.3 7:10 0.0 5.5 0.0 0.0 11.3 14:00 ENE
23 23.9 28.1 9:30 20.6 00:00 0.0 5.6 0.0 0.0 8.0 11:30 ENE
24 21.2 26.2 12:50 17.5 6:20 0.1 3.0 0.0 0.0 16.1 13:10 ENE
25 22.3 26.9 15:20 18.0 2:20 0.0 4.1 0.0 0.0 9.7 12:20 E
26 22.3 30.1 11:30 19.1 4:20 0.0 4.0 0.0 0.3 40.2 10:00 NE
27 23.1 28.7 15:30 18.8 7:20 0.0 4.7 0.0 0.5 30.6 14:10 SW
28 21.6 25.7 12:30 18.0 6:20 0.0 3.3 0.0 0.0 9.7 14:10 E
29 21.2 25.1 10:30 18.4 23:00 0.0 2.9 0.0 0.0 9.7 11:10 ESE
30 19.7 23.8 11:40 16.8 00:00 0.3 1.7 2.8 0.0 22.5 16:30 E
31 19.0 23.4 12:20 16.0 5:10 0.9 1.5 0.0 0.0 9.7 10:10 ENE
-------------------------------------------------------------------------------------
21.5 31.0 21 14.9 6 7.0 101.3 3.6 0.5 45.1 1 NE
Max >= 32.0: 0
Max <= 0.0: 0
Min <= 0.0: 0
Min <= -18.0: 0
Max Rain: 2.79 ON 30/10/23
Days of Rain: 2 (> .2 mm) 1 (> 2 mm) 0 (> 20 mm)
Heat Base: 18.3 Cool Base: 18.3 Method: Integration