Select a Year or Month report
Report for 2023 Sep
MONTHLY CLIMATOLOGICAL SUMMARY for SEP. 2023
NAME: Kritsa Weather Station CITY: Kritsa Weather Station STATE:
ELEV: 270 m LAT: 35 06' 00" N LONG: 25 24' 00" E
TEMPERATURE (C), RAIN (mm), WIND SPEED (km/hr)
HEAT COOL AVG
MEAN DEG DEG WIND DOM
DAY TEMP HIGH TIME LOW TIME DAYS DAYS RAIN SPEED HIGH TIME DIR
------------------------------------------------------------------------------------
1 27.3 32.3 11:30 23.3 23:50 0.0 9.0 0.0 0.8 32.2 4:40 W
2 26.7 30.9 14:00 22.3 3:20 0.0 8.3 0.0 0.8 33.8 13:20 NW
3 26.8 30.8 13:10 24.1 23:50 0.0 8.5 0.0 1.4 35.4 14:00 W
4 26.3 30.7 13:50 22.9 00:00 0.0 8.0 0.0 1.9 48.3 8:20 W
5 25.1 29.0 15:50 21.0 5:50 0.0 6.8 0.0 1.1 29.0 11:10 SW
6 26.2 28.4 15:10 24.2 2:20 0.0 7.9 0.0 1.0 29.0 4:20 SW
7 27.7 30.8 14:30 24.4 21:30 0.0 9.4 0.0 0.2 17.7 2:50 SW
8 25.3 28.9 13:40 21.8 7:10 0.0 7.1 0.0 0.2 20.9 13:00 E
9 24.3 29.0 13:10 20.3 6:50 0.0 6.0 0.0 0.2 20.9 12:20 ENE
10 23.9 28.1 11:50 19.7 5:50 0.0 5.6 0.0 0.6 27.4 19:20 NE
11 24.5 28.6 14:30 21.4 2:00 0.0 6.2 0.0 1.8 33.8 19:30 NE
12 25.7 30.8 12:30 20.2 23:10 0.0 7.4 0.0 1.6 33.8 1:40 NE
13 23.7 29.5 13:50 19.1 5:50 0.0 5.4 0.0 1.3 27.4 10:10 ENE
14 24.3 31.2 14:20 18.3 6:50 0.0 6.0 0.0 1.0 24.1 9:10 NE
15 26.6 32.3 14:00 20.3 1:40 0.0 8.3 0.0 1.3 29.0 12:10 NE
16 27.4 32.8 11:10 22.5 5:20 0.0 9.1 0.0 1.3 24.1 12:50 NE
17 26.8 31.0 13:00 23.2 1:00 0.0 8.5 0.0 1.9 35.4 16:00 W
18 25.4 30.8 13:50 22.3 23:50 0.0 7.1 0.0 4.2 57.9 23:30 W
19 24.2 29.5 12:00 19.3 00:00 0.0 5.9 0.0 4.2 48.3 2:50 W
20 22.5 27.9 15:40 17.7 6:20 0.0 4.2 0.0 0.3 19.3 16:20 E
21 23.9 29.4 15:10 19.1 2:50 0.0 5.6 0.0 0.6 25.7 12:50 NE
22 26.4 32.4 13:50 22.2 0:20 0.0 8.1 0.0 0.5 25.7 11:50 NE
23 29.4 34.6 14:40 24.5 7:00 0.0 9.3 0.0 0.5 20.9 13:40 NE
24 30.2 34.9 13:10 24.8 00:00 0.0 11.8 0.0 0.3 19.3 10:10 ENE
25 25.8 30.1 12:10 21.8 23:50 0.0 7.5 0.0 0.2 14.5 14:50 ENE
26 23.3 27.8 13:10 19.8 6:50 0.0 5.0 0.0 0.2 24.1 17:30 E
27 23.5 29.6 13:10 18.7 6:10 0.0 5.2 0.0 0.5 27.4 14:50 SW
28 22.7 26.6 14:40 19.7 4:50 0.0 4.4 0.2 0.0 16.1 14:50 ENE
29 21.2 24.6 10:10 18.9 00:00 0.0 2.8 5.6 0.0 11.3 13:10 E
30 22.1 26.6 15:40 18.0 3:50 0.0 3.8 0.0 0.5 29.0 14:40 W
-------------------------------------------------------------------------------------
25.3 34.9 24 17.7 20 0.1 208.4 5.8 1.0 57.9 18 NE
Max >= 32.0: 6
Max <= 0.0: 0
Min <= 0.0: 0
Min <= -18.0: 0
Max Rain: 5.59 ON 29/09/23
Days of Rain: 2 (> .2 mm) 1 (> 2 mm) 0 (> 20 mm)
Heat Base: 18.3 Cool Base: 18.3 Method: Integration