Select a Year or Month report
Report for 2023 Aug
MONTHLY CLIMATOLOGICAL SUMMARY for AUG. 2023
NAME: Kritsa Weather Station CITY: Kritsa Weather Station STATE:
ELEV: 270 m LAT: 35 06' 00" N LONG: 25 24' 00" E
TEMPERATURE (C), RAIN (mm), WIND SPEED (km/hr)
HEAT COOL AVG
MEAN DEG DEG WIND DOM
DAY TEMP HIGH TIME LOW TIME DAYS DAYS RAIN SPEED HIGH TIME DIR
------------------------------------------------------------------------------------
1 29.1 34.3 16:00 24.4 2:20 0.0 10.8 0.0 1.1 30.6 16:40 NE
2 27.8 32.3 14:30 22.8 5:10 0.0 9.5 0.0 0.3 17.7 11:40 E
3 28.3 33.1 13:10 24.3 6:30 0.0 10.0 0.0 0.2 16.1 13:10 ENE
4 27.7 31.7 11:10 23.2 6:30 0.0 9.4 0.0 0.3 19.3 14:40 E
5 27.9 33.3 11:20 22.9 5:10 0.0 9.6 0.0 0.3 17.7 12:40 ENE
6 27.3 31.3 11:30 23.4 6:10 0.0 9.0 0.0 0.3 20.9 16:40 NE
7 26.6 31.3 14:30 21.9 6:20 0.0 8.3 0.0 0.3 19.3 15:50 ENE
8 26.7 31.7 14:50 20.7 5:50 0.0 8.4 0.0 1.9 30.6 17:50 NE
9 27.3 30.6 12:50 24.1 6:40 0.0 9.0 0.0 3.2 38.6 14:10 NE
10 27.1 32.2 16:00 23.2 23:50 0.0 8.8 0.0 1.1 32.2 6:50 W
11 25.5 29.3 14:20 21.6 6:10 0.0 7.2 0.0 3.4 43.5 15:20 NE
12 26.4 30.0 15:10 23.2 6:00 0.0 8.1 0.0 2.1 38.6 17:00 W
13 25.7 30.1 12:40 21.1 4:10 0.0 7.4 0.0 1.3 38.6 7:50 NE
14 25.8 29.7 13:10 20.5 4:40 0.0 7.2 0.0 0.6 27.4 21:00 W
15 26.8 31.4 17:00 21.8 6:40 0.0 8.5 0.0 1.8 33.8 9:20 NE
16 28.3 31.9 13:10 24.6 2:00 0.0 10.0 0.0 3.1 38.6 13:50 NE
17 28.7 34.1 13:50 23.7 4:20 0.0 10.0 0.0 1.3 38.6 12:10 W
18 27.4 31.4 13:30 23.6 3:20 0.0 9.1 0.0 0.6 29.0 10:30 E
19 26.6 31.6 14:30 22.1 3:40 0.0 8.3 0.0 0.5 20.9 10:20 E
20 26.9 31.9 16:30 22.5 4:10 0.0 7.5 0.0 0.6 27.4 6:00 ESE
21 27.1 32.6 12:20 22.1 6:50 0.0 8.8 0.0 0.5 27.4 12:00 E
22 26.9 32.6 13:20 22.8 6:40 0.0 7.2 0.0 0.2 20.9 15:30 E
23 27.0 31.6 12:20 21.9 6:40 0.0 8.7 0.0 0.3 17.7 14:50 ENE
24 27.6 33.1 14:40 21.9 6:40 0.0 9.2 0.0 0.2 17.7 14:50 E
25 28.6 35.3 14:10 22.9 6:40 0.0 10.3 0.0 0.5 29.0 15:00 ENE
26 28.2 33.1 13:40 22.9 4:30 0.0 9.9 0.0 0.8 33.8 22:10 W
27 29.2 33.0 13:50 25.6 7:00 0.0 10.9 0.0 0.8 38.6 11:50 W
28 29.9 33.3 13:00 24.6 7:00 0.0 11.6 0.0 1.3 32.2 12:20 NE
29 28.6 33.2 13:50 24.1 5:40 0.0 10.3 0.0 0.2 20.9 0:10 ENE
30 27.0 31.3 15:20 23.4 6:30 0.0 8.7 0.0 0.3 22.5 20:20 NE
31 26.4 30.9 12:50 21.6 7:00 0.0 8.2 0.0 0.6 30.6 12:30 ENE
-------------------------------------------------------------------------------------
27.4 35.3 25 20.5 14 0.0 280.0 0.0 1.0 43.5 11 NE
Max >= 32.0: 14
Max <= 0.0: 0
Min <= 0.0: 0
Min <= -18.0: 0
Max Rain: 0.00 ON 01/08/23
Days of Rain: 0 (> .2 mm) 0 (> 2 mm) 0 (> 20 mm)
Heat Base: 18.3 Cool Base: 18.3 Method: Integration