Select a Year or Month report
Report for 2023 Jul
MONTHLY CLIMATOLOGICAL SUMMARY for JUL. 2023
NAME: Kritsa Weather Station CITY: Kritsa Weather Station STATE:
ELEV: 270 m LAT: 35 06' 00" N LONG: 25 24' 00" E
TEMPERATURE (C), RAIN (mm), WIND SPEED (km/hr)
HEAT COOL AVG
MEAN DEG DEG WIND DOM
DAY TEMP HIGH TIME LOW TIME DAYS DAYS RAIN SPEED HIGH TIME DIR
------------------------------------------------------------------------------------
1 25.7 30.0 11:10 21.7 2:00 0.0 7.4 0.0 0.8 20.9 10:10 NE
2 28.1 33.7 15:40 21.4 1:40 0.0 9.7 0.0 0.3 19.3 12:00 ENE
3 26.1 29.1 11:10 22.3 6:30 0.0 7.8 0.0 0.2 12.9 13:40 E
4 26.2 30.9 11:50 22.0 2:00 0.0 7.9 0.0 1.3 27.4 15:00 NE
5 27.0 32.1 15:00 21.4 5:10 0.0 8.7 0.0 0.8 29.0 23:20 E
6 28.5 32.9 14:50 22.5 4:50 0.0 10.2 0.0 1.6 38.6 23:20 W
7 30.3 33.8 13:40 25.4 6:30 0.0 12.0 0.0 2.1 43.5 0:50 W
8 29.2 31.7 14:10 26.3 00:00 0.0 10.9 0.0 3.1 45.1 15:30 NE
9 26.4 28.4 16:50 24.7 5:40 0.0 8.1 0.0 3.9 48.3 10:20 NE
10 26.3 28.1 13:20 24.4 3:40 0.0 8.0 0.0 3.9 46.7 15:30 NE
11 28.1 31.1 14:00 25.1 6:10 0.0 9.8 0.0 1.4 30.6 10:30 NE
12 28.8 32.4 14:00 24.0 6:00 0.0 10.5 0.0 1.3 25.7 11:30 NE
13 30.7 35.7 14:30 25.8 6:40 0.0 12.4 0.0 0.6 24.1 12:20 NE
14 32.9 37.7 12:20 26.6 0:10 0.0 14.6 0.0 1.6 33.8 10:10 NE
15 34.4 39.0 16:30 28.7 5:10 0.0 16.1 0.0 1.4 30.6 16:10 NE
16 32.4 36.6 13:10 27.7 23:50 0.0 14.2 0.0 2.1 49.9 22:10 NE
17 29.2 35.8 16:00 24.3 6:30 0.0 10.9 0.0 1.6 35.4 14:40 NE
18 30.1 34.6 10:50 24.4 4:30 0.0 11.8 0.0 2.7 41.8 14:30 NE
19 29.6 34.3 14:20 24.7 6:00 0.0 11.3 0.0 4.0 41.8 12:10 NE
20 29.5 34.6 15:40 24.0 6:30 0.0 11.2 0.0 0.2 17.7 11:40 ENE
21 32.2 39.5 15:50 25.1 1:40 0.0 13.8 0.0 0.6 24.1 14:10 NE
22 33.7 38.7 14:30 27.3 6:10 0.0 15.4 0.0 1.0 38.6 15:50 NE
23 36.9 41.1 14:00 30.9 6:40 0.0 16.2 0.0 1.6 38.6 11:30 NE
24 33.7 35.9 12:50 30.6 00:00 0.0 15.4 0.0 2.1 38.6 19:20 NE
25 32.9 35.6 00:00 28.9 2:50 0.0 14.6 0.0 2.7 35.4 5:30 NE
26 34.2 38.3 15:30 28.6 6:40 0.0 15.9 0.0 0.3 24.1 1:20 E
27 31.9 39.4 11:30 25.7 22:50 0.0 13.6 0.0 1.0 35.4 10:20 ESE
28 28.6 31.2 13:50 25.6 22:00 0.0 10.3 0.0 2.1 35.4 16:50 NE
29 29.6 32.7 16:40 26.8 0:40 0.0 11.3 0.0 2.7 33.8 12:50 NE
30 29.9 33.3 12:20 26.3 5:40 0.0 11.7 0.0 3.5 49.9 12:00 NE
31 30.0 33.3 11:50 25.8 5:00 0.0 11.7 0.0 2.3 33.8 15:20 NE
-------------------------------------------------------------------------------------
30.1 41.1 23 21.4 2 0.0 363.5 0.0 1.8 49.9 16 NE
Max >= 32.0: 23
Max <= 0.0: 0
Min <= 0.0: 0
Min <= -18.0: 0
Max Rain: 0.00 ON 01/07/23
Days of Rain: 0 (> .2 mm) 0 (> 2 mm) 0 (> 20 mm)
Heat Base: 18.3 Cool Base: 18.3 Method: Integration