Select a Year or Month report
Report for 2023 Jun
MONTHLY CLIMATOLOGICAL SUMMARY for JUN. 2023
NAME: Kritsa Weather Station CITY: Kritsa Weather Station STATE:
ELEV: 270 m LAT: 35 06' 00" N LONG: 25 24' 00" E
TEMPERATURE (C), RAIN (mm), WIND SPEED (km/hr)
HEAT COOL AVG
MEAN DEG DEG WIND DOM
DAY TEMP HIGH TIME LOW TIME DAYS DAYS RAIN SPEED HIGH TIME DIR
------------------------------------------------------------------------------------
1 20.1 24.2 12:40 16.2 5:40 0.5 2.2 0.2 0.2 24.1 16:20 ENE
2 17.3 20.2 1:10 15.4 23:20 1.2 0.1 45.8 0.2 20.9 5:10 NW
3 20.5 25.3 15:40 15.2 1:00 0.6 2.8 0.0 0.2 19.3 3:50 E
4 21.2 26.7 17:30 16.2 6:20 0.4 3.3 0.0 0.5 24.1 18:50 NE
5 22.0 26.7 12:10 17.8 00:00 0.0 3.7 0.0 1.4 30.6 12:30 NE
6 21.1 25.9 13:50 16.4 2:00 0.4 3.2 0.0 0.2 17.7 13:40 E
7 21.5 25.1 10:20 17.4 4:20 0.1 3.3 0.6 0.2 19.3 14:10 E
8 21.0 25.0 14:00 18.9 5:40 0.0 2.7 5.8 0.2 20.9 12:40 E
9 21.7 25.9 13:20 17.1 5:20 0.1 3.5 0.2 0.3 22.5 12:40 ENE
10 24.2 27.9 11:00 18.3 2:50 0.0 5.8 0.0 0.5 29.0 11:10 E
11 23.2 27.7 12:00 18.2 4:40 0.0 4.9 0.0 0.2 20.9 12:40 E
12 22.3 26.4 12:40 18.9 6:00 0.0 4.1 0.0 0.2 17.7 13:20 ENE
13 22.5 27.1 17:40 17.7 6:20 0.0 4.2 0.0 0.5 24.1 10:00 ENE
14 22.7 28.1 15:00 17.9 5:40 0.0 4.4 0.0 0.6 37.0 12:40 NE
15 23.4 28.3 19:00 17.6 5:30 0.1 5.2 0.0 0.2 16.1 16:10 ENE
16 26.8 30.8 11:50 21.8 00:00 0.0 8.5 0.0 3.7 64.4 7:10 SW
17 23.6 27.4 10:30 19.7 6:00 0.0 5.2 0.0 0.5 37.0 8:20 W
18 22.8 26.4 15:50 19.6 4:30 0.0 4.4 0.0 0.3 29.0 19:20 NW
19 24.2 28.0 15:40 19.5 5:30 0.0 5.9 0.0 1.3 33.8 13:20 NE
20 25.8 29.1 13:50 22.2 22:20 0.0 7.5 0.0 2.1 30.6 2:10 NE
21 26.3 29.1 16:20 23.1 0:20 0.0 8.0 0.0 2.6 41.8 15:40 NE
22 26.6 29.8 14:00 21.8 4:40 0.0 8.2 0.0 2.3 40.2 15:20 NE
23 27.2 31.3 14:30 22.3 00:00 0.0 8.9 0.0 1.3 27.4 0:50 NE
24 26.1 31.0 13:20 20.8 6:30 0.0 7.7 0.0 0.2 17.7 11:40 E
25 26.4 31.4 12:20 21.3 5:50 0.0 8.2 0.0 0.6 22.5 12:30 ENE
26 26.4 30.4 16:30 21.4 5:20 0.0 8.2 0.0 0.5 24.1 15:50 ENE
27 26.9 31.4 15:00 22.3 23:50 0.0 8.6 0.0 1.8 32.2 12:10 NE
28 27.2 32.4 16:50 20.9 5:40 0.0 8.9 0.0 1.6 30.6 12:30 NE
29 26.9 31.8 13:10 21.8 6:10 0.0 8.6 0.0 0.3 24.1 14:00 ENE
30 25.0 29.8 14:30 19.7 6:30 0.0 6.7 0.0 1.1 25.7 12:00 NE
-------------------------------------------------------------------------------------
23.8 32.4 28 15.2 3 3.3 166.9 52.6 0.8 64.4 16 NE
Max >= 32.0: 1
Max <= 0.0: 0
Min <= 0.0: 0
Min <= -18.0: 0
Max Rain: 45.80 ON 02/06/23
Days of Rain: 5 (> .2 mm) 2 (> 2 mm) 1 (> 20 mm)
Heat Base: 18.3 Cool Base: 18.3 Method: Integration