Select a Year or Month report
Report for 2023 May
MONTHLY CLIMATOLOGICAL SUMMARY for MAY. 2023
NAME: Kritsa Weather Station CITY: Kritsa Weather Station STATE:
ELEV: 270 m LAT: 35 06' 00" N LONG: 25 24' 00" E
TEMPERATURE (C), RAIN (mm), WIND SPEED (km/hr)
HEAT COOL AVG
MEAN DEG DEG WIND DOM
DAY TEMP HIGH TIME LOW TIME DAYS DAYS RAIN SPEED HIGH TIME DIR
------------------------------------------------------------------------------------
1 14.8 17.8 16:30 12.4 4:50 3.5 0.0 0.6 0.0 3.2 11:00 NE
2 17.1 22.3 14:30 12.0 6:40 2.2 1.0 0.0 2.3 41.8 23:50 SE
3 20.2 23.9 12:50 15.7 00:00 0.3 2.2 1.0 6.8 56.3 12:50 SW
4 17.8 22.0 13:20 14.4 21:40 1.2 0.8 4.0 1.1 54.7 15:10 SW
5 17.7 22.6 16:40 14.8 8:10 1.3 0.7 0.8 2.6 43.5 17:40 W
6 16.8 19.6 14:30 14.1 7:10 1.6 0.1 1.0 2.3 54.7 12:40 NW
7 18.3 21.4 12:50 15.2 2:50 0.8 0.8 0.0 2.4 43.5 4:50 W
8 18.7 24.8 15:10 13.9 6:10 1.4 1.8 0.0 2.1 35.4 12:20 NE
9 17.5 22.2 12:10 13.3 5:00 1.9 1.1 0.0 0.0 12.9 15:30 E
10 16.7 20.3 15:00 13.1 6:40 1.9 0.3 0.0 0.0 11.3 16:00 E
11 16.0 18.8 15:50 14.0 1:50 2.3 0.0 0.0 0.2 17.7 15:20 NE
12 17.4 22.9 15:10 11.8 6:10 2.2 1.2 0.0 1.3 32.2 11:30 NE
13 18.8 23.4 14:20 14.4 3:30 1.1 1.5 0.0 2.9 32.2 12:50 NE
14 19.1 23.6 12:30 14.3 1:00 1.1 1.9 0.0 0.2 14.5 13:00 E
15 25.2 30.6 16:40 16.9 4:50 0.1 7.0 0.0 0.5 24.1 16:40 E
16 24.3 28.9 10:20 17.5 00:00 0.0 6.1 0.4 1.6 46.7 10:10 SW
17 19.3 23.9 14:40 14.7 6:20 0.9 1.8 0.2 0.5 29.0 18:00 NE
18 20.0 24.3 14:00 16.3 3:00 0.4 2.1 0.0 0.8 29.0 7:00 W
19 18.6 21.8 17:00 14.2 6:00 0.9 1.2 0.0 1.0 27.4 12:30 NE
20 20.7 24.8 15:20 17.9 4:40 0.0 2.4 0.0 1.6 37.0 1:50 NE
21 17.9 21.2 13:00 15.7 7:20 1.0 0.6 1.6 0.0 12.9 17:40 NE
22 17.0 20.3 10:30 15.0 6:50 1.5 0.1 16.6 0.0 12.9 11:00 E
23 17.3 20.8 18:30 14.3 2:30 1.4 0.4 7.4 0.0 20.9 18:10 ENE
24 16.7 20.4 11:10 14.1 5:10 1.8 0.2 0.0 0.0 16.1 11:20 ENE
25 18.6 22.6 15:00 13.6 6:00 1.3 1.5 0.0 0.3 19.3 12:40 E
26 18.8 23.2 10:40 15.1 6:20 0.8 1.3 0.4 0.0 17.7 11:10 ENE
27 19.9 23.4 18:50 15.6 5:30 0.5 2.1 0.6 1.1 38.6 17:20 NE
28 21.3 25.2 12:50 17.6 22:50 0.0 3.0 0.0 2.7 38.6 16:00 W
29 20.4 23.5 13:40 16.9 00:00 0.1 2.2 0.0 1.1 32.2 7:00 W
30 19.2 22.6 10:50 15.3 5:30 0.7 1.6 0.0 0.0 19.3 12:40 ENE
31 19.6 24.3 11:20 15.8 5:20 0.6 1.9 1.4 0.3 24.1 13:10 E
-------------------------------------------------------------------------------------
18.8 30.6 15 11.8 12 34.6 48.9 36.0 1.1 56.3 3 NE
Max >= 32.0: 0
Max <= 0.0: 0
Min <= 0.0: 0
Min <= -18.0: 0
Max Rain: 16.61 ON 22/05/23
Days of Rain: 13 (> .2 mm) 3 (> 2 mm) 0 (> 20 mm)
Heat Base: 18.3 Cool Base: 18.3 Method: Integration