Select a Year or Month report
Report for 2023 Apr
MONTHLY CLIMATOLOGICAL SUMMARY for APR. 2023
NAME: Kritsa Weather Station CITY: Kritsa Weather Station STATE:
ELEV: 270 m LAT: 35 06' 00" N LONG: 25 24' 00" E
TEMPERATURE (C), RAIN (mm), WIND SPEED (km/hr)
HEAT COOL AVG
MEAN DEG DEG WIND DOM
DAY TEMP HIGH TIME LOW TIME DAYS DAYS RAIN SPEED HIGH TIME DIR
------------------------------------------------------------------------------------
1 16.6 23.5 16:00 10.4 4:40 2.9 1.2 0.0 0.0 11.3 12:00 E
2 20.0 25.6 12:50 16.1 3:40 0.5 2.2 0.0 1.1 45.1 21:30 SW
3 20.0 23.7 10:30 15.6 00:00 0.2 1.9 0.6 7.4 72.4 8:30 SW
4 15.9 19.1 17:10 12.7 2:10 2.4 0.0 2.2 5.8 51.5 14:50 SW
5 14.8 19.4 12:30 10.9 23:30 3.5 0.0 0.2 0.5 22.5 11:40 NE
6 13.5 18.3 10:20 10.2 2:10 4.8 0.0 0.0 0.6 38.6 10:30 SW
7 13.1 16.6 11:50 10.3 7:20 5.2 0.0 0.0 1.6 33.8 5:30 NNE
8 12.0 13.8 14:50 10.6 3:30 6.3 0.0 1.2 0.2 11.3 15:20 WSW
9 13.2 16.7 11:50 10.1 7:20 5.1 0.0 0.0 0.8 24.1 12:30 NE
10 13.5 17.9 12:00 9.6 3:20 4.8 0.0 8.2 0.8 27.4 8:30 WSW
11 11.4 14.3 13:00 9.4 7:10 6.9 0.0 3.2 0.8 30.6 16:20 NNE
12 15.2 19.9 15:20 11.6 3:00 3.2 0.1 0.2 1.0 37.0 23:30 W
13 16.1 20.3 12:50 12.3 7:10 2.4 0.2 0.0 0.5 33.8 0:10 ENE
14 18.1 24.4 13:10 12.2 1:30 1.9 1.7 0.0 1.6 41.8 15:20 SSW
15 19.7 23.6 14:30 14.8 22:40 0.3 1.7 0.0 8.5 70.8 8:00 SW
16 15.8 20.8 0:20 13.1 6:30 2.5 0.0 0.0 0.5 25.7 13:10 ENE
17 18.1 24.2 17:00 12.4 5:10 1.8 1.6 0.0 0.3 24.1 12:40 NE
18 15.4 18.1 13:20 13.0 7:20 2.8 0.0 0.0 0.0 17.7 13:30 ENE
19 15.2 19.8 16:30 10.6 4:50 3.2 0.0 0.0 0.6 32.2 16:00 W
20 15.9 19.7 13:00 12.4 00:00 2.4 0.1 0.0 2.9 40.2 2:30 W
21 16.1 20.7 15:20 10.6 6:30 2.6 0.4 0.0 1.3 30.6 14:10 E
22 16.2 19.1 12:30 13.8 22:10 2.1 0.0 2.0 0.2 16.1 13:30 ENE
23 15.6 18.8 12:50 12.0 23:30 2.7 0.0 0.0 1.0 25.7 18:30 NE
24 15.4 19.7 14:20 10.5 6:20 3.1 0.2 0.0 0.3 17.7 11:50 E
25 17.6 22.8 13:50 12.7 6:20 1.9 1.2 0.0 0.3 20.9 14:30 ENE
26 17.7 23.0 12:20 13.1 5:40 1.9 1.3 0.0 0.2 17.7 12:00 ENE
27 16.2 19.7 13:40 13.6 22:40 2.2 0.1 0.0 2.1 38.6 11:30 NE
28 14.8 17.3 13:50 13.3 6:40 3.4 0.0 0.0 2.4 41.8 8:20 NE
29 14.9 18.2 16:30 11.5 23:00 3.4 0.0 0.0 3.7 41.8 10:30 NE
30 14.8 18.2 10:50 10.1 6:10 3.5 0.0 0.0 0.0 12.9 11:20 E
-------------------------------------------------------------------------------------
15.8 25.6 2 9.4 11 90.2 14.1 17.8 1.6 72.4 3 NE
Max >= 32.0: 0
Max <= 0.0: 0
Min <= 0.0: 0
Min <= -18.0: 0
Max Rain: 8.20 ON 10/04/23
Days of Rain: 8 (> .2 mm) 4 (> 2 mm) 0 (> 20 mm)
Heat Base: 18.3 Cool Base: 18.3 Method: Integration