Select a Year or Month report
Report for 2023 Mar
MONTHLY CLIMATOLOGICAL SUMMARY for MAR. 2023
NAME: Kritsa Weather Station CITY: Kritsa Weather Station STATE:
ELEV: 270 m LAT: 35 06' 00" N LONG: 25 24' 00" E
TEMPERATURE (C), RAIN (mm), WIND SPEED (km/hr)
HEAT COOL AVG
MEAN DEG DEG WIND DOM
DAY TEMP HIGH TIME LOW TIME DAYS DAYS RAIN SPEED HIGH TIME DIR
------------------------------------------------------------------------------------
1 17.7 21.6 11:00 12.7 00:00 1.4 0.8 0.0 1.9 30.6 3:10 ENE
2 14.1 18.9 16:30 10.1 3:30 4.2 0.0 0.0 2.4 24.1 16:20 NE
3 12.7 16.9 10:20 9.4 6:20 5.6 0.0 0.0 0.8 17.7 11:30 E
4 14.1 18.9 11:50 9.8 4:20 4.2 0.0 0.0 1.8 22.5 23:30 E
5 14.5 16.6 11:00 10.9 23:40 3.8 0.0 0.4 1.6 32.2 16:20 SW
6 13.6 18.1 13:00 9.8 5:00 4.7 0.0 0.0 1.0 25.7 15:00 W
7 13.3 18.1 14:20 9.6 2:40 5.0 0.0 0.0 0.0 14.5 12:50 ENE
8 15.7 21.2 14:00 12.1 7:10 3.1 0.5 0.0 4.2 38.6 10:50 SSW
9 13.6 17.8 12:30 10.0 7:00 4.7 0.0 0.0 0.2 20.9 12:00 ENE
10 15.3 21.4 13:20 10.2 6:00 3.6 0.6 0.0 0.2 17.7 12:20 NNE
11 16.3 21.2 12:30 12.2 2:30 2.6 0.5 0.0 2.1 43.5 11:20 SW
12 14.8 18.4 8:30 12.3 1:30 3.5 0.0 18.4 0.2 19.3 22:00 NNE
13 11.8 14.7 10:30 10.1 20:10 6.5 0.0 7.0 4.2 49.9 20:30 WNW
14 11.3 14.5 16:20 7.8 23:50 7.0 0.0 0.0 5.6 54.7 0:50 W
15 13.1 18.9 14:20 6.3 4:00 5.3 0.0 5.2 0.2 22.5 21:40 NNE
16 12.1 17.4 10:30 8.7 00:00 6.2 0.0 5.2 0.0 20.9 12:10 WSW
17 10.7 13.2 13:40 8.2 1:30 7.6 0.0 12.6 0.3 27.4 23:40 NNE
18 11.5 14.1 14:30 10.2 6:20 6.8 0.0 1.8 3.1 37.0 5:10 NNE
19 11.5 13.9 15:10 9.0 8:00 6.8 0.0 8.6 3.4 49.9 13:50 WNW
20 15.1 20.1 14:50 10.9 20:50 3.4 0.2 0.0 2.1 46.7 3:40 NNE
21 13.9 18.7 12:10 10.5 4:40 4.4 0.0 0.0 0.0 3.2 1:40 ENE
22 15.6 21.6 14:20 12.4 3:20 3.1 0.4 0.0 0.8 37.0 14:30 SE
23 13.9 17.2 12:40 11.6 2:30 4.4 0.0 0.8 0.5 25.7 13:50 NNE
24 14.2 17.9 13:30 10.8 23:40 4.1 0.0 0.0 0.5 27.4 12:20 NNE
25 13.6 18.5 12:20 8.6 5:20 4.7 0.0 0.0 0.0 16.1 13:00 ENE
26 16.1 21.3 14:40 11.7 0:10 2.7 0.6 0.0 0.0 16.1 12:50 ENE
27 16.8 21.2 12:10 11.7 1:30 2.3 0.8 0.0 0.3 33.8 23:00 NE
28 15.8 19.1 11:50 12.0 7:00 2.6 0.1 0.0 0.5 41.8 23:50 WSW
29 10.3 12.8 0:10 8.6 20:20 8.0 0.0 0.4 1.6 69.2 13:50 NNE
30 11.7 15.2 12:50 6.4 7:10 6.6 0.0 0.0 0.0 14.5 15:30 NE
31 13.3 18.4 14:00 8.2 4:40 4.9 0.0 0.0 0.0 17.7 14:00 ENE
-------------------------------------------------------------------------------------
13.8 21.6 1 6.3 15 143.7 4.5 60.4 1.3 69.2 29 NNE
Max >= 32.0: 0
Max <= 0.0: 0
Min <= 0.0: 0
Min <= -18.0: 0
Max Rain: 18.39 ON 12/03/23
Days of Rain: 10 (> .2 mm) 6 (> 2 mm) 0 (> 20 mm)
Heat Base: 18.3 Cool Base: 18.3 Method: Integration