Select a Year or Month report
Report for 2023 Feb
MONTHLY CLIMATOLOGICAL SUMMARY for FEB. 2023
NAME: Kritsa Weather Station CITY: Kritsa Weather Station STATE:
ELEV: 270 m LAT: 35 06' 00" N LONG: 25 24' 00" E
TEMPERATURE (C), RAIN (mm), WIND SPEED (km/hr)
HEAT COOL AVG
MEAN DEG DEG WIND DOM
DAY TEMP HIGH TIME LOW TIME DAYS DAYS RAIN SPEED HIGH TIME DIR
------------------------------------------------------------------------------------
1 7.7 9.7 11:40 4.7 6:40 10.6 0.0 18.2 3.9 35.4 6:30 WNW
2 10.0 13.9 15:00 5.1 7:20 8.3 0.0 0.0 2.6 22.5 10:10 WSW
3 11.4 16.4 14:20 7.3 21:40 6.8 0.0 6.4 3.2 40.2 17:10 WSW
4 10.8 14.5 13:10 5.8 7:30 7.5 0.0 1.6 2.9 38.6 22:30 W
5 8.8 12.1 0:10 4.8 23:50 9.5 0.0 35.0 5.6 57.9 22:50 WSW
6 5.4 6.5 4:00 3.7 8:10 12.9 0.0 28.8 7.2 53.1 2:50 NNE
7 4.8 7.1 13:10 2.1 20:20 13.4 0.0 24.4 3.2 25.7 13:20 WNW
8 5.2 6.6 11:30 3.0 1:20 13.1 0.0 5.4 5.0 32.2 11:10 NNE
9 6.5 7.8 15:00 5.7 1:20 11.8 0.0 0.0 2.9 29.0 4:40 WNW
10 8.2 10.8 14:30 6.0 0:10 10.2 0.0 0.0 1.9 24.1 14:30 W
11 8.5 10.7 14:20 6.2 00:00 9.8 0.0 0.0 3.4 37.0 14:00 NNE
12 8.6 11.4 13:40 6.1 0:20 9.7 0.0 0.8 3.2 35.4 10:20 W
13 9.3 12.1 12:10 6.9 4:20 9.0 0.0 0.2 5.0 40.2 11:00 NNE
14 10.1 12.2 12:50 8.2 0:10 8.3 0.0 0.0 4.5 46.7 11:20 NNE
15 9.7 11.4 9:30 8.9 00:00 8.6 0.0 0.0 4.2 41.8 15:30 WNW
16 9.6 14.7 15:00 5.6 23:10 8.7 0.0 0.0 4.7 35.4 10:10 NNE
17 9.7 14.9 13:20 4.7 5:30 8.7 0.0 0.0 0.8 19.3 13:50 ENE
18 11.7 16.5 12:10 7.2 7:10 6.6 0.0 0.0 1.0 19.3 12:20 WSW
19 11.7 16.4 13:30 7.4 4:20 6.6 0.0 0.0 1.0 19.3 13:20 WSW
20 12.5 16.7 12:50 9.4 2:20 5.8 0.0 0.0 1.1 20.9 12:50 WSW
21 12.6 16.3 10:00 9.3 6:50 5.8 0.0 0.0 1.0 16.1 10:30 ENE
22 12.1 15.8 11:10 8.8 7:00 6.2 0.0 0.0 1.0 16.1 11:30 ENE
23 12.9 15.8 12:30 10.3 3:20 5.4 0.0 0.0 0.8 19.3 14:40 ENE
24 12.5 16.8 13:00 9.1 6:40 5.8 0.0 0.0 1.3 29.0 13:30 ENE
25 13.1 18.9 14:30 8.6 6:20 5.2 0.0 0.0 0.6 19.3 13:10 ENE
26 15.4 18.7 15:10 9.7 1:00 2.9 0.0 0.0 10.5 61.2 13:20 SSW
27 17.7 20.8 15:00 14.9 3:40 1.1 0.5 0.0 11.6 72.4 9:10 SW
28 20.7 22.8 14:20 17.7 8:00 0.0 2.4 0.0 12.6 51.5 4:40 SSW
-------------------------------------------------------------------------------------
10.6 22.8 28 2.1 7 218.3 3.0 120.8 3.8 72.4 27 NNE
Max >= 32.0: 0
Max <= 0.0: 0
Min <= 0.0: 0
Min <= -18.0: 0
Max Rain: 35.00 ON 05/02/23
Days of Rain: 9 (> .2 mm) 6 (> 2 mm) 3 (> 20 mm)
Heat Base: 18.3 Cool Base: 18.3 Method: Integration