Select a Year or Month report
Report for 2023 Jan
MONTHLY CLIMATOLOGICAL SUMMARY for JAN. 2023
NAME: Kritsa Weather Station CITY: Kritsa Weather Station STATE:
ELEV: 270 m LAT: 35 06' 00" N LONG: 25 24' 00" E
TEMPERATURE (C), RAIN (mm), WIND SPEED (km/hr)
HEAT COOL AVG
MEAN DEG DEG WIND DOM
DAY TEMP HIGH TIME LOW TIME DAYS DAYS RAIN SPEED HIGH TIME DIR
------------------------------------------------------------------------------------
1 12.8 16.6 13:30 9.6 4:20 5.5 0.0 0.0 1.3 24.1 10:40 NNE
2 13.1 16.9 11:40 9.6 3:10 5.3 0.0 0.0 0.8 17.7 9:50 NE
3 11.7 15.7 12:10 8.5 00:00 6.6 0.0 0.0 0.6 14.5 11:40 WSW
4 10.5 15.5 15:00 6.9 5:30 7.8 0.0 0.0 0.6 16.1 12:20 ENE
5 12.4 17.5 13:20 7.7 0:20 5.9 0.0 0.0 1.0 20.9 13:20 NE
6 13.1 17.2 11:40 9.4 5:30 5.2 0.0 0.0 1.0 17.7 11:10 E
7 12.7 16.2 11:50 10.1 00:00 5.6 0.0 0.0 1.8 20.9 14:10 NE
8 12.1 15.4 12:20 8.9 7:30 6.2 0.0 0.0 4.5 35.4 13:10 NNE
9 11.3 15.4 11:00 8.0 7:50 7.0 0.0 0.0 0.3 51.5 7:30 WSW
10 13.2 17.3 9:50 9.2 1:00 5.1 0.0 13.8 4.8 70.8 12:00 SW
11 11.1 14.3 11:40 8.6 23:30 7.2 0.0 1.6 1.0 17.7 5:30 WSW
12 11.4 15.8 14:20 8.8 8:00 6.9 0.0 0.0 2.9 29.0 6:10 W
13 10.7 14.7 11:40 8.2 4:00 7.6 0.0 7.8 1.9 27.4 10:50 W
14 11.5 15.4 12:40 7.8 23:40 6.8 0.0 3.2 2.7 32.2 1:40 W
15 10.7 14.3 11:40 7.2 2:20 7.6 0.0 0.2 0.5 19.3 12:30 WSW
16 11.7 15.6 11:30 8.8 5:10 6.6 0.0 0.0 1.4 17.7 11:30 WSW
17 13.2 17.2 12:10 9.2 5:10 5.1 0.0 0.0 4.0 37.0 13:10 WSW
18 14.4 17.9 15:20 11.7 6:40 3.8 0.0 0.0 6.3 51.5 11:20 ENE
19 15.5 17.8 11:40 12.4 4:10 2.8 0.0 0.0 11.3 56.3 9:20 SE
20 14.4 19.0 13:00 10.1 00:00 3.8 0.0 0.0 7.1 49.9 1:20 SW
21 12.4 16.2 12:40 9.1 2:50 5.9 0.0 0.0 4.2 40.2 10:50 SSW
22 12.8 17.8 14:00 9.0 6:10 5.5 0.0 0.0 1.6 24.1 14:10 WSW
23 13.0 18.2 12:40 9.5 6:10 5.3 0.0 0.0 1.6 29.0 12:50 W
24 13.3 17.8 9:30 10.4 3:00 4.9 0.0 0.0 1.0 14.5 11:30 WSW
25 12.2 15.9 11:00 9.4 23:30 6.1 0.0 0.0 1.1 16.1 10:10 E
26 14.8 16.6 4:10 9.4 0:30 3.5 0.0 0.0 8.7 51.5 22:00 SE
27 13.8 17.9 12:30 10.0 21:20 4.5 0.0 0.4 4.5 64.4 1:30 SW
28 12.6 17.8 12:50 9.6 23:00 5.7 0.0 0.0 1.3 30.6 11:10 WNW
29 10.1 15.7 9:40 6.8 21:30 8.2 0.0 7.6 0.8 25.7 12:30 WSW
30 8.8 11.5 12:30 6.4 3:30 9.5 0.0 0.4 1.8 24.1 14:00 NNE
31 9.8 13.9 14:00 6.7 23:40 8.5 0.0 5.8 2.4 30.6 15:10 NE
-------------------------------------------------------------------------------------
12.3 19.0 20 6.4 30 186.3 0.0 40.8 2.7 70.8 10 WSW
Max >= 32.0: 0
Max <= 0.0: 0
Min <= 0.0: 0
Min <= -18.0: 0
Max Rain: 13.79 ON 10/01/23
Days of Rain: 9 (> .2 mm) 5 (> 2 mm) 0 (> 20 mm)
Heat Base: 18.3 Cool Base: 18.3 Method: Integration