Select a Year or Month report
Report for 2022 Dec
MONTHLY CLIMATOLOGICAL SUMMARY for DEC. 2022
NAME: Kritsa Weather Station CITY: Kritsa Weather Station STATE:
ELEV: 270 m LAT: 35 06' 00" N LONG: 25 24' 00" E
TEMPERATURE (C), RAIN (mm), WIND SPEED (km/hr)
HEAT COOL AVG
MEAN DEG DEG WIND DOM
DAY TEMP HIGH TIME LOW TIME DAYS DAYS RAIN SPEED HIGH TIME DIR
------------------------------------------------------------------------------------
1 16.1 19.6 13:10 13.3 22:30 2.4 0.2 6.2 4.8 38.6 4:20 SW
2 15.1 20.0 9:20 12.2 6:40 3.2 0.1 0.0 1.0 14.5 12:00 WSW
3 13.9 17.9 10:30 10.6 00:00 4.4 0.0 0.0 0.8 14.5 11:00 WSW
4 12.8 17.2 13:10 9.9 4:10 5.5 0.0 0.2 2.9 29.0 11:10 NNE
5 13.6 18.1 11:30 9.9 1:30 4.7 0.0 0.0 3.7 33.8 14:20 NNE
6 13.8 17.1 12:20 10.8 22:50 4.5 0.0 0.0 4.0 25.7 11:50 NNE
7 14.2 18.8 13:40 10.1 7:40 4.1 0.0 5.2 1.0 32.2 20:50 WSW
8 16.1 20.1 11:40 12.5 1:50 2.5 0.3 0.0 3.1 38.6 19:10 WSW
9 17.4 19.8 11:10 13.6 4:10 1.1 0.3 0.0 6.6 37.0 4:50 SE
10 18.3 22.3 15:40 13.8 7:20 0.8 0.8 0.0 3.1 40.2 22:30 SE
11 18.3 24.1 0:40 14.5 23:40 1.0 1.0 6.8 11.3 75.6 2:30 SW
12 15.1 19.3 14:50 12.4 6:00 3.2 0.0 0.0 0.3 12.9 1:00 WSW
13 16.4 20.9 11:50 13.1 4:30 2.4 0.5 0.0 0.6 25.7 14:50 WSW
14 15.6 19.8 10:30 13.6 00:00 2.8 0.1 0.6 1.4 22.5 11:00 ENE
15 17.7 23.6 13:30 13.0 1:40 1.9 1.3 0.0 0.5 12.9 11:00 WSW
16 19.1 24.7 14:50 16.0 5:50 0.7 1.5 0.0 0.3 11.3 2:10 WSW
17 19.2 24.7 13:30 15.9 5:10 0.6 1.5 0.0 0.3 9.7 12:00 WSW
18 18.8 23.5 10:10 15.8 22:10 0.6 1.1 0.0 1.0 11.3 3:50 WSW
19 14.9 18.6 10:10 12.7 00:00 3.3 0.0 0.0 8.2 40.2 10:50 NNE
20 11.3 12.9 0:30 10.2 16:50 7.0 0.0 0.0 9.2 48.3 18:50 NNE
21 11.2 13.7 13:10 8.0 23:30 7.1 0.0 0.0 6.8 43.5 1:20 W
22 11.6 14.3 11:00 8.2 0:50 6.8 0.0 0.0 0.3 11.3 15:40 NNE
23 11.9 15.7 9:30 8.3 7:40 6.4 0.0 0.0 0.5 11.3 11:40 ENE
24 12.6 15.8 12:30 8.9 22:20 5.7 0.0 0.0 2.1 22.5 11:30 W
25 12.9 17.7 12:00 8.6 3:00 5.4 0.0 0.0 4.5 35.4 22:40 NNE
26 13.6 16.9 14:40 10.3 20:10 4.7 0.0 0.0 5.3 40.2 14:50 NE
27 13.1 17.8 13:30 9.2 2:30 5.2 0.0 0.0 1.1 14.5 12:40 WSW
28 13.6 17.7 12:40 10.7 5:00 4.7 0.0 0.0 0.5 11.3 12:40 WSW
29 13.6 17.8 11:10 10.5 00:00 4.7 0.0 0.0 1.3 20.9 12:30 NE
30 13.0 16.8 12:00 10.0 4:40 5.3 0.0 0.0 0.6 12.9 12:20 WSW
31 12.7 16.4 10:10 10.3 00:00 5.6 0.0 0.0 0.8 12.9 11:20 WSW
-------------------------------------------------------------------------------------
14.8 24.7 16 8.0 21 118.2 8.6 19.0 2.8 75.6 11 WSW
Max >= 32.0: 0
Max <= 0.0: 0
Min <= 0.0: 0
Min <= -18.0: 0
Max Rain: 6.81 ON 11/12/22
Days of Rain: 5 (> .2 mm) 3 (> 2 mm) 0 (> 20 mm)
Heat Base: 18.3 Cool Base: 18.3 Method: Integration