Select a Year or Month report
Report for 2022 Nov
MONTHLY CLIMATOLOGICAL SUMMARY for NOV. 2022
NAME: Kritsa Weather Station CITY: Kritsa Weather Station STATE:
ELEV: 270 m LAT: 35 06' 00" N LONG: 25 24' 00" E
TEMPERATURE (C), RAIN (mm), WIND SPEED (km/hr)
HEAT COOL AVG
MEAN DEG DEG WIND DOM
DAY TEMP HIGH TIME LOW TIME DAYS DAYS RAIN SPEED HIGH TIME DIR
------------------------------------------------------------------------------------
1 16.6 23.5 12:50 11.6 3:10 2.9 1.2 0.0 1.9 25.7 11:00 NE
2 16.8 22.9 13:00 12.7 4:00 2.6 1.1 0.0 1.1 17.7 13:30 WSW
3 17.4 22.6 12:20 13.0 6:50 2.1 1.2 0.0 1.1 19.3 7:40 ENE
4 18.3 23.4 11:10 14.2 6:50 1.3 1.4 0.0 0.8 12.9 14:10 ENE
5 19.8 25.2 10:50 15.4 7:00 0.7 2.2 0.0 5.3 43.5 11:30 SW
6 19.3 22.1 11:00 16.1 21:50 0.4 1.4 0.0 6.1 41.8 10:30 SE
7 17.3 20.1 12:00 14.6 7:20 1.1 0.2 0.4 3.7 37.0 15:40 NNE
8 18.1 20.1 11:50 14.7 21:50 0.7 0.4 0.0 7.6 49.9 12:40 W
9 18.7 20.6 11:20 15.0 0:20 0.2 0.7 0.0 6.1 46.7 5:30 W
10 16.6 21.4 13:10 12.2 23:40 2.1 0.5 0.0 4.8 30.6 8:40 NE
11 15.3 21.2 12:20 10.8 5:50 3.5 0.5 0.0 2.6 38.6 17:10 W
12 14.6 19.2 12:50 11.1 6:40 3.6 0.1 0.0 1.4 20.9 11:50 NE
13 14.5 18.7 13:20 11.4 22:20 3.8 0.0 0.0 1.0 16.1 12:10 WSW
14 15.9 19.9 12:30 11.6 2:10 2.6 0.2 0.0 5.3 38.6 21:30 W
15 15.2 19.4 13:50 11.2 00:00 3.2 0.1 0.0 4.3 43.5 3:20 W
16 15.3 21.1 13:10 11.0 1:40 3.3 0.4 0.0 0.8 20.9 12:50 WSW
17 18.8 22.8 15:00 14.3 4:50 1.2 1.6 0.0 3.7 51.5 22:50 WSW
18 19.4 24.3 12:30 15.3 3:50 0.7 1.8 0.0 1.6 40.2 0:20 WSW
19 19.9 24.2 11:00 16.4 6:10 0.4 2.1 0.0 2.1 35.4 23:20 WSW
20 21.5 24.8 9:30 17.3 4:10 0.0 3.2 0.0 8.9 69.2 8:30 SW
21 20.2 23.7 14:10 15.2 23:00 0.4 2.2 0.0 5.6 33.8 5:00 SW
22 17.2 20.1 15:00 13.8 21:20 1.2 0.4 0.0 1.1 17.7 9:00 ENE
23 16.2 20.4 10:20 12.2 22:30 2.3 0.2 13.6 4.0 45.1 7:50 SW
24 15.2 19.2 12:10 11.4 4:50 3.2 0.1 0.0 2.1 24.1 19:50 WSW
25 15.0 17.4 10:00 13.4 23:50 3.3 0.0 0.0 6.4 37.0 15:50 NNE
26 13.4 15.0 11:00 11.8 18:40 4.2 0.0 0.0 5.5 30.6 3:00 NNE
27 12.1 12.6 21:50 11.7 22:30 0.6 0.0 0.0 0.0 6.4 23:10 WSW
28 13.9 16.3 11:50 11.8 1:10 4.4 0.0 3.8 0.5 11.3 14:50 WSW
29 13.6 16.2 12:40 12.1 1:40 4.7 0.0 5.2 1.1 19.3 12:30 NE
30 14.9 18.1 13:30 11.5 2:30 3.4 0.0 19.8 3.2 46.7 00:00 WSW
-------------------------------------------------------------------------------------
16.7 25.2 5 10.8 11 64.3 23.0 42.8 3.3 69.2 20 WSW
Max >= 32.0: 0
Max <= 0.0: 0
Min <= 0.0: 0
Min <= -18.0: 0
Max Rain: 19.81 ON 30/11/22
Days of Rain: 5 (> .2 mm) 4 (> 2 mm) 0 (> 20 mm)
Heat Base: 18.3 Cool Base: 18.3 Method: Integration