Select a Year or Month report
Report for 2022 Oct
MONTHLY CLIMATOLOGICAL SUMMARY for OCT. 2022
NAME: Kritsa Weather Station CITY: Kritsa Weather Station STATE:
ELEV: 270 m LAT: 35 06' 00" N LONG: 25 24' 00" E
TEMPERATURE (C), RAIN (mm), WIND SPEED (km/hr)
HEAT COOL AVG
MEAN DEG DEG WIND DOM
DAY TEMP HIGH TIME LOW TIME DAYS DAYS RAIN SPEED HIGH TIME DIR
------------------------------------------------------------------------------------
1 27.2 33.3 12:10 -67.8 3:50 0.6 8.0 0.0 1.8 17.7 12:40 ENE
2 27.8 34.6 8:30 22.7 21:50 0.0 8.0 0.0 5.8 41.8 13:30 W
3 23.8 26.8 12:10 19.4 23:40 0.0 4.6 0.0 6.4 46.7 12:30 NNE
4 21.7 24.7 12:00 18.3 3:00 0.0 2.8 0.0 5.1 40.2 13:30 NNE
5 20.3 22.8 12:00 18.2 3:40 0.0 1.7 0.0 7.1 35.4 13:00 NNE
6 20.2 22.4 14:30 18.2 0:20 0.0 1.6 0.0 7.1 40.2 22:40 NNE
7 20.9 23.4 14:00 18.7 0:10 0.0 2.1 0.2 6.4 40.2 14:40 NNE
8 20.1 22.4 15:10 18.5 3:40 0.0 1.4 0.0 7.1 43.5 13:10 NNE
9 20.2 23.8 15:40 15.4 23:50 0.3 1.8 0.0 5.3 38.6 10:00 NNE
10 19.9 24.2 13:10 14.7 3:40 0.6 1.9 0.0 2.4 24.1 11:40 E
11 19.7 23.7 11:20 15.2 3:30 0.5 1.7 0.0 1.4 22.5 12:50 ENE
12 20.8 25.1 14:00 15.8 3:20 0.3 2.3 0.0 3.1 32.2 14:00 NNE
13 21.9 24.5 13:10 19.6 0:50 0.0 2.9 0.0 5.5 35.4 11:20 W
14 20.4 23.4 14:50 17.1 3:30 0.1 1.8 0.0 2.4 27.4 0:40 ENE
15 17.7 21.0 9:30 16.6 13:10 0.9 0.2 102.2 3.7 38.6 23:10 NNE
16 17.9 19.7 15:20 16.4 1:20 0.6 0.1 32.4 8.0 38.6 10:10 NNE
17 17.9 19.6 13:20 16.9 18:40 0.8 0.2 0.0 9.8 41.8 2:40 NNE
18 19.2 22.3 14:40 16.8 23:50 0.1 1.0 0.0 7.9 37.0 12:40 NNE
19 17.9 22.5 13:00 14.8 6:20 1.1 0.8 0.0 1.1 24.1 13:10 SW
20 17.7 21.9 14:30 14.2 00:00 1.5 1.0 0.0 1.9 22.5 11:50 NE
21 18.4 21.9 14:30 13.9 1:00 0.7 0.8 0.0 7.7 53.1 17:30 W
22 16.8 20.4 15:10 12.1 23:50 1.9 0.4 0.0 5.3 33.8 2:40 NE
23 15.9 21.7 12:00 10.9 7:40 3.0 0.6 0.0 1.1 16.1 14:10 ENE
24 19.6 25.3 15:20 14.4 7:10 1.1 2.4 0.0 1.9 22.5 15:20 ENE
25 21.1 25.8 13:00 16.5 6:10 0.2 2.9 0.0 2.9 24.1 12:20 NE
26 20.3 25.4 14:40 16.2 7:40 0.3 2.3 0.0 1.4 19.3 11:10 ENE
27 19.2 23.9 11:10 15.1 7:20 0.9 1.7 0.0 1.1 14.5 13:50 ENE
28 19.4 23.4 15:00 16.4 00:00 0.3 1.4 0.0 5.8 43.5 12:50 W
29 17.6 21.5 14:40 14.3 23:30 1.6 0.9 0.0 3.4 33.8 12:50 NE
30 16.1 20.8 11:20 12.6 6:30 2.7 0.5 0.0 1.0 20.9 14:10 NE
31 15.6 20.6 13:40 12.1 4:40 3.1 0.4 0.0 1.0 19.3 12:10 ENE
-------------------------------------------------------------------------------------
19.8 34.6 2 -67.8 1 23.1 60.2 134.8 4.3 53.1 21 NNE
Max >= 32.0: 2
Max <= 0.0: 0
Min <= 0.0: 1
Min <= -18.0: 1
Max Rain: 102.21 ON 15/10/22
Days of Rain: 3 (> .2 mm) 2 (> 2 mm) 2 (> 20 mm)
Heat Base: 18.3 Cool Base: 18.3 Method: Integration