Select a Year or Month report
Report for 2022 Sep
MONTHLY CLIMATOLOGICAL SUMMARY for SEP. 2022
NAME: Kritsa Weather Station CITY: Kritsa Weather Station STATE:
ELEV: 270 m LAT: 35 06' 00" N LONG: 25 24' 00" E
TEMPERATURE (C), RAIN (mm), WIND SPEED (km/hr)
HEAT COOL AVG
MEAN DEG DEG WIND DOM
DAY TEMP HIGH TIME LOW TIME DAYS DAYS RAIN SPEED HIGH TIME DIR
------------------------------------------------------------------------------------
1 25.3 31.1 15:40 21.2 4:30 0.0 7.0 0.0 4.2 33.8 14:00 NNE
2 24.9 28.9 10:50 20.9 7:10 0.0 6.6 0.0 2.1 19.3 13:20 ENE
3 25.2 28.6 15:10 21.8 7:10 0.0 6.9 0.0 2.3 22.5 11:20 ENE
4 26.1 30.1 13:30 22.0 2:10 0.0 7.8 0.0 8.2 38.6 22:50 NE
5 26.4 30.0 14:30 22.7 23:20 0.0 8.1 0.0 8.2 48.3 23:00 NNE
6 23.5 26.4 14:40 21.8 00:00 0.0 5.2 0.0 11.6 61.2 14:00 W
7 24.2 28.3 14:50 21.6 6:20 0.0 5.5 0.0 11.6 56.3 5:40 W
8 24.6 28.3 12:50 20.0 00:00 0.0 5.4 0.0 6.3 41.8 1:00 NE
9 24.3 30.1 15:50 18.1 4:10 0.0 5.1 0.0 2.7 27.4 14:40 ENE
10 26.1 31.7 13:00 -67.8 4:10 0.6 7.3 0.0 2.1 19.3 14:40 ENE
11 27.3 31.7 14:10 23.1 23:40 0.0 7.7 0.0 2.1 24.1 16:20 ENE
12 26.9 31.4 14:00 22.6 23:50 0.0 7.3 0.0 3.1 27.4 15:00 NE
13 24.9 27.8 15:00 22.5 22:20 0.0 5.5 0.0 5.5 41.8 15:20 NNE
14 23.9 26.8 12:30 21.3 00:00 0.0 4.8 0.0 5.8 37.0 9:50 NNE
15 23.0 26.6 10:50 17.9 4:10 0.0 4.0 0.0 2.3 19.3 0:30 ENE
16 25.1 31.0 13:50 19.8 4:10 0.0 5.8 0.0 3.1 33.8 14:20 ENE
17 25.2 30.6 13:20 19.9 4:10 0.0 5.7 0.0 2.3 24.1 14:10 ENE
18 25.4 30.3 12:30 20.3 4:00 0.0 6.1 0.0 2.6 22.5 12:50 ENE
19 23.7 28.2 10:10 19.3 00:00 0.0 4.6 0.0 3.1 30.6 12:00 E
20 22.4 26.0 12:30 17.7 3:00 0.0 3.4 0.0 2.4 27.4 12:50 ENE
21 21.8 25.4 14:40 16.8 4:00 0.1 3.1 0.0 2.6 20.9 12:10 ENE
22 19.7 21.5 12:00 17.3 3:50 0.0 1.1 0.4 2.7 32.2 13:40 NNE
23 18.6 21.8 14:30 15.2 19:50 0.5 0.7 3.4 4.8 25.7 14:30 NE
24 19.4 21.8 14:00 15.0 23:50 0.3 1.1 0.0 5.5 35.4 12:00 NNE
25 19.0 23.0 13:20 13.1 4:00 1.0 1.6 0.0 2.4 24.1 10:20 ENE
26 20.9 26.0 13:40 15.1 1:30 0.5 2.7 0.0 2.7 27.4 12:50 ENE
27 24.6 29.0 19:10 16.6 3:50 0.1 5.3 0.0 2.3 19.3 12:30 ENE
28 25.6 31.7 11:20 22.0 23:40 0.0 6.0 0.0 2.1 30.6 11:30 ENE
29 26.5 31.2 16:30 21.2 2:40 0.0 6.8 0.0 1.8 22.5 15:00 ENE
30 26.7 31.1 3:40 23.4 23:10 0.0 7.0 0.0 3.9 40.2 2:00 ENE
-------------------------------------------------------------------------------------
24.0 31.7 10 -67.8 10 3.1 155.0 3.8 4.1 61.2 6 ENE
Max >= 32.0: 0
Max <= 0.0: 0
Min <= 0.0: 1
Min <= -18.0: 1
Max Rain: 3.40 ON 23/09/22
Days of Rain: 2 (> .2 mm) 1 (> 2 mm) 0 (> 20 mm)
Heat Base: 18.3 Cool Base: 18.3 Method: Integration