Select a Year or Month report
Report for 2022 Aug
MONTHLY CLIMATOLOGICAL SUMMARY for AUG. 2022
NAME: Kritsa Weather Station CITY: Kritsa Weather Station STATE:
ELEV: 270 m LAT: 35 06' 00" N LONG: 25 24' 00" E
TEMPERATURE (C), RAIN (mm), WIND SPEED (km/hr)
HEAT COOL AVG
MEAN DEG DEG WIND DOM
DAY TEMP HIGH TIME LOW TIME DAYS DAYS RAIN SPEED HIGH TIME DIR
------------------------------------------------------------------------------------
1 30.6 33.6 13:00 25.8 22:40 0.0 12.3 0.0 8.7 45.1 16:20 NNE
2 28.0 31.3 12:20 23.4 6:00 0.0 9.7 0.0 7.2 40.2 15:20 NNE
3 28.4 33.1 14:50 24.1 23:30 0.0 10.1 0.0 7.7 48.3 9:40 W
4 27.9 32.7 16:10 22.3 4:10 0.0 9.6 0.0 5.1 33.8 6:30 W
5 28.3 32.9 16:50 21.9 2:50 0.0 10.0 0.0 6.9 43.5 20:10 W
6 28.3 32.9 15:50 23.1 2:30 0.0 10.0 0.0 9.5 46.7 5:00 W
7 28.3 32.3 14:50 23.7 00:00 0.0 10.0 0.0 10.5 54.7 5:10 W
8 27.4 32.4 13:40 22.7 6:40 0.0 9.2 0.0 4.2 30.6 14:30 NE
9 27.5 32.9 14:00 22.8 3:00 0.0 9.2 0.0 5.0 45.1 10:10 W
10 27.5 32.3 14:50 22.2 3:20 0.0 9.2 0.0 8.2 46.7 19:50 W
11 27.7 32.3 14:30 23.2 23:50 0.0 9.4 0.0 7.6 46.7 2:30 W
12 27.3 32.0 13:40 22.4 00:00 0.0 9.0 0.0 5.0 40.2 14:30 W
13 27.8 32.7 14:50 21.9 3:00 0.0 9.6 0.0 6.1 37.0 3:50 W
14 26.4 30.2 14:40 21.5 6:40 0.0 7.2 0.0 2.9 24.1 13:00 NE
15 25.8 30.6 14:40 22.0 00:00 0.0 7.6 0.0 4.5 35.4 12:00 SW
16 25.4 31.1 17:20 19.8 6:40 0.0 7.2 0.0 4.0 33.8 17:00 ENE
17 28.4 33.7 11:20 23.8 6:20 0.0 10.1 0.0 4.2 30.6 11:10 ENE
18 29.8 32.2 11:00 25.6 2:00 0.0 11.5 0.0 6.9 46.7 15:40 W
19 31.1 33.8 11:40 26.3 6:10 0.0 12.8 0.0 9.0 46.7 14:50 NNE
20 31.2 35.2 15:30 27.4 23:40 0.0 12.9 0.0 6.4 45.1 10:20 NE
21 28.0 31.8 8:50 24.6 00:00 0.0 9.7 0.0 3.2 22.5 14:10 ENE
22 25.4 28.9 11:10 22.4 6:00 0.0 7.2 0.0 2.6 20.9 12:40 ENE
23 24.3 29.3 11:30 21.8 6:50 0.0 6.0 18.6 2.6 30.6 11:20 ENE
24 21.4 25.1 9:30 19.2 00:00 0.0 3.1 46.8 0.3 24.1 0:40 WSW
25 22.2 26.6 12:40 18.8 5:00 0.0 3.9 1.8 1.4 19.3 11:40 WSW
26 22.3 26.3 10:40 19.4 5:10 0.0 4.0 25.4 1.6 19.3 13:10 ENE
27 22.9 26.8 11:50 18.7 5:40 0.0 4.6 0.0 1.4 19.3 13:00 ENE
28 24.2 28.6 17:00 19.7 6:50 0.0 5.9 0.0 2.9 20.9 13:40 E
29 26.4 32.1 15:10 21.4 7:00 0.0 7.3 0.0 3.2 25.7 12:50 E
30 25.7 30.6 12:40 21.3 6:40 0.0 7.4 0.0 2.7 24.1 15:50 ENE
31 24.7 29.1 12:00 21.1 6:40 0.0 6.4 0.0 1.8 17.7 12:00 ENE
-------------------------------------------------------------------------------------
26.8 35.2 20 18.7 27 0.0 262.0 92.6 5.0 54.7 7 W
Max >= 32.0: 17
Max <= 0.0: 0
Min <= 0.0: 0
Min <= -18.0: 0
Max Rain: 46.81 ON 24/08/22
Days of Rain: 4 (> .2 mm) 3 (> 2 mm) 2 (> 20 mm)
Heat Base: 18.3 Cool Base: 18.3 Method: Integration