Select a Year or Month report
Report for 2022 Jul
MONTHLY CLIMATOLOGICAL SUMMARY for JUL. 2022
NAME: Kritsa Weather Station CITY: Kritsa Weather Station STATE:
ELEV: 270 m LAT: 35 06' 00" N LONG: 25 24' 00" E
TEMPERATURE (C), RAIN (mm), WIND SPEED (km/hr)
HEAT COOL AVG
MEAN DEG DEG WIND DOM
DAY TEMP HIGH TIME LOW TIME DAYS DAYS RAIN SPEED HIGH TIME DIR
------------------------------------------------------------------------------------
1 28.6 32.7 14:20 25.2 6:30 0.0 10.3 0.0 10.0 46.7 9:00 NE
2 28.1 30.9 15:30 24.8 22:50 0.0 9.8 0.0 9.3 51.5 7:50 W
3 27.8 32.8 12:50 23.9 00:00 0.0 9.6 0.0 6.8 37.0 16:50 NE
4 26.3 30.7 11:40 21.9 00:00 0.0 8.0 0.0 5.6 32.2 12:50 NE
5 26.1 32.7 17:10 20.4 6:10 0.0 7.8 0.0 3.7 33.8 17:20 NE
6 28.2 32.7 15:30 21.7 0:30 0.0 9.9 0.0 8.7 41.8 11:50 NE
7 29.1 32.1 14:00 26.5 5:30 0.0 10.7 0.0 8.5 51.5 13:20 WNW
8 28.9 32.7 17:30 24.4 23:20 0.0 10.6 0.0 7.4 37.0 11:00 NNE
9 24.4 28.3 10:50 21.4 23:50 0.0 6.1 2.4 3.2 22.5 11:10 ENE
10 23.1 25.8 16:30 20.6 5:50 0.0 4.8 3.2 7.1 41.8 13:40 NNE
11 25.7 29.8 12:50 22.7 23:30 0.0 7.4 0.0 7.7 41.8 12:50 NNE
12 26.6 29.2 11:30 23.7 0:30 0.0 8.3 0.0 9.8 49.9 15:30 NNE
13 25.7 28.2 14:50 22.9 00:00 0.0 7.4 0.0 7.2 41.8 6:30 WNW
14 24.7 27.8 15:30 21.8 6:10 0.0 6.4 0.0 10.5 49.9 13:30 W
15 28.2 33.5 15:30 23.7 1:10 0.0 9.9 0.0 7.7 40.2 0:30 W
16 28.2 33.1 12:50 23.6 4:00 0.0 9.9 0.0 8.2 54.7 16:30 NNE
17 29.0 33.8 13:20 24.1 6:30 0.0 10.7 0.0 7.6 57.9 20:00 NNE
18 28.1 31.2 12:00 25.3 00:00 0.0 9.8 0.0 10.6 51.5 13:20 NE
19 26.8 31.7 14:30 22.4 6:20 0.0 8.5 0.0 8.7 54.7 18:20 W
20 27.3 31.9 16:10 23.4 3:00 0.0 9.0 0.0 8.9 45.1 5:00 W
21 26.8 32.8 17:20 21.1 6:40 0.0 8.5 0.0 6.1 38.6 12:50 NE
22 28.0 32.9 12:50 22.3 6:00 0.0 9.7 0.0 7.9 46.7 15:50 NNE
23 29.2 34.4 12:20 24.2 5:40 0.0 10.9 0.0 7.7 37.0 11:20 NE
24 30.9 35.3 13:10 24.6 5:30 0.0 12.7 0.0 7.9 48.3 18:10 NE
25 31.8 34.8 16:40 29.8 6:40 0.0 13.5 0.0 8.9 45.1 11:50 WNW
26 29.4 33.6 12:10 23.9 00:00 0.0 11.2 0.0 9.5 41.8 9:00 NE
27 27.3 34.4 12:00 21.7 4:10 0.0 9.0 0.0 4.8 29.0 12:10 NE
28 26.9 32.7 14:10 21.3 6:20 0.0 8.6 0.0 3.7 24.1 15:20 ENE
29 26.5 32.8 12:50 21.7 5:50 0.0 8.2 0.0 3.5 25.7 13:50 E
30 27.6 35.2 12:20 22.0 6:00 0.0 9.3 0.0 3.2 30.6 12:20 E
31 29.5 36.0 14:10 22.3 5:10 0.0 11.2 0.0 5.5 38.6 11:40 NNE
-------------------------------------------------------------------------------------
27.6 36.0 31 20.4 5 0.0 287.6 5.6 7.3 57.9 17 NE
Max >= 32.0: 20
Max <= 0.0: 0
Min <= 0.0: 0
Min <= -18.0: 0
Max Rain: 3.20 ON 10/07/22
Days of Rain: 2 (> .2 mm) 2 (> 2 mm) 0 (> 20 mm)
Heat Base: 18.3 Cool Base: 18.3 Method: Integration