Select a Year or Month report
Report for 2022 Jun
MONTHLY CLIMATOLOGICAL SUMMARY for MAY. 2022
NAME: Kritsa Weather Station CITY: Kritsa Weather Station STATE:
ELEV: 270 m LAT: 35 06' 00" N LONG: 25 24' 00" E
TEMPERATURE (C), RAIN (mm), WIND SPEED (km/hr)
HEAT COOL AVG
MEAN DEG DEG WIND DOM
DAY TEMP HIGH TIME LOW TIME DAYS DAYS RAIN SPEED HIGH TIME DIR
------------------------------------------------------------------------------------
1
2
3
4
5
6
7
8 16.7 17.4 19:40 16.2 00:00 0.3 0.0 0.0 0.6 8.0 20:20 E
9 17.6 22.1 14:20 12.9 5:50 1.7 1.0 0.0 3.2 22.5 15:00 ENE
10 17.1 22.1 13:20 12.9 6:10 2.0 0.8 0.0 2.6 20.9 12:00 ENE
11 17.1 22.4 10:50 12.0 6:20 2.2 1.0 0.0 4.2 29.0 15:30 ENE
12 17.5 21.6 9:00 12.8 5:30 1.6 0.8 0.0 2.4 17.7 10:20 ENE
13 18.7 22.9 13:50 13.8 6:30 1.3 1.7 0.0 3.9 29.0 14:20 ENE
14 17.9 22.3 12:30 14.3 6:20 1.2 0.9 0.2 1.4 20.9 12:30 ENE
15 19.3 25.5 14:10 13.6 6:30 1.3 2.4 0.0 3.5 30.6 13:20 ENE
16 21.3 26.3 13:20 15.6 5:00 0.5 3.5 0.0 3.4 20.9 13:50 ENE
17 22.2 27.1 12:00 17.6 6:10 0.0 3.9 0.0 3.1 20.9 13:40 ENE
18 23.2 27.3 17:00 18.6 1:20 0.0 4.9 0.0 3.1 25.7 14:10 ENE
19 18.1 21.1 0:10 16.1 23:50 0.7 0.5 0.8 7.6 53.1 17:00 NNE
20 17.3 20.1 16:20 14.8 6:20 1.2 0.3 0.0 8.0 53.1 13:50 NNE
21 18.9 23.1 15:10 14.2 6:20 0.9 1.6 0.4 4.0 24.1 11:20 NE
22 23.4 29.6 14:40 16.8 0:40 0.0 5.1 0.8 5.0 41.8 7:20 W
23 23.2 28.2 11:30 18.8 1:10 0.0 4.9 0.0 3.4 22.5 14:50 ENE
24 22.4 27.4 12:10 18.1 2:50 0.0 4.1 0.0 3.2 20.9 14:00 ENE
25 24.4 30.4 15:20 19.7 1:50 0.0 6.1 0.0 2.7 22.5 15:30 ENE
26 26.4 31.9 13:20 21.2 6:10 0.0 8.1 0.0 2.9 19.3 11:50 ENE
27 26.6 31.8 8:30 21.1 5:20 0.0 8.3 0.0 3.2 19.3 2:30 ENE
28 26.6 31.7 13:10 19.4 5:30 0.0 8.3 0.0 2.6 20.9 13:40 ENE
29 28.0 33.6 18:00 21.3 00:00 0.0 9.7 0.0 7.9 61.2 10:10 SW
30 22.3 25.6 15:40 18.6 6:20 0.0 4.0 0.0 4.0 20.9 14:00 ENE
31 24.6 30.8 16:00 18.1 5:40 0.0 6.3 0.0 4.3 37.0 17:10 NNE
-------------------------------------------------------------------------------------
21.3 33.6 29 12.0 11 15.1 88.0 2.2 3.8 61.2 29 ENE
Max >= 32.0: 1
Max <= 0.0: 0
Min <= 0.0: 0
Min <= -18.0: 0
Max Rain: 0.79 ON 19/05/22
Days of Rain: 4 (> .2 mm) 0 (> 2 mm) 0 (> 20 mm)
Heat Base: 18.3 Cool Base: 18.3 Method: Integration