Select a Year or Month report
Report for 2022 Feb
MONTHLY CLIMATOLOGICAL SUMMARY for JAN. 2021
NAME: Kritsa Weather Station CITY: Kritsa Weather Station STATE:
ELEV: 270 m LAT: 35 06' 00" N LONG: 25 24' 00" E
TEMPERATURE (C), RAIN (mm), WIND SPEED (km/hr)
HEAT COOL AVG
MEAN DEG DEG WIND DOM
DAY TEMP HIGH TIME LOW TIME DAYS DAYS RAIN SPEED HIGH TIME DIR
------------------------------------------------------------------------------------
1
2
3
4 16.8 17.7 16:00 15.8 17:10 0.5 0.0 4.2 10.6 48.3 17:40 SE
5 13.6 17.1 0:10 10.7 00:00 3.5 0.0 0.0 0.6 16.1 13:50 NE
6 13.2 17.2 12:40 9.9 23:20 3.4 0.0 0.0 2.3 29.0 14:40 SE
7 12.4 16.7 13:50 -67.8 2:40 4.6 0.0 0.0 0.5 11.3 11:20 ENE
8 16.3 20.8 11:30 10.7 2:20 1.9 0.5 0.0 0.6 14.5 14:00 NNE
9 18.4 23.5 14:30 13.0 2:00 0.7 0.7 0.0 2.6 53.1 11:50 SW
10 21.9 25.7 13:00 18.4 1:40 0.0 2.8 0.0 0.2 9.7 13:20 W
11 20.5 26.0 13:20 15.9 22:20 0.3 2.0 0.0 5.8 62.8 12:40 SSW
12 17.6 19.8 2:40 14.7 23:00 0.8 0.3 0.0 6.8 57.9 11:20 SW
13 14.1 16.7 12:40 11.6 21:00 3.2 0.0 0.0 2.3 27.4 10:00 W
14 10.9 13.8 12:50 6.8 23:00 5.8 0.0 0.4 4.0 48.3 10:30 W
15 11.3 17.1 9:50 6.8 0:20 5.4 0.0 4.4 1.3 30.6 9:10 W
16 12.6 16.4 14:20 9.0 23:00 3.2 0.0 0.0 1.8 38.6 14:10 W
17 7.7 9.5 0:10 5.3 00:00 8.1 0.0 2.6 2.1 24.1 10:50 ENE
18 5.7 7.7 10:00 3.9 12:50 7.9 0.0 28.6 0.6 19.3 12:10 W
19 6.6 7.7 12:20 4.8 8:50 7.6 0.0 5.0 2.3 29.0 23:20 NE
20 8.6 12.4 14:30 5.8 1:30 7.5 0.0 2.6 1.9 30.6 2:30 W
21 12.1 15.3 12:40 6.5 0:10 4.7 0.0 0.0 1.4 25.7 1:10 W
22 11.8 15.6 12:10 8.2 2:30 5.0 0.0 0.0 2.3 30.6 11:30 SW
23 11.8 14.6 16:10 7.6 2:30 3.7 0.0 0.0 2.1 37.0 22:50 SW
24 14.7 18.3 16:00 10.9 1:10 2.4 0.0 0.0 3.7 48.3 2:30 W
25 15.6 18.9 15:30 13.2 00:00 2.2 0.0 0.0 4.2 54.7 8:50 W
26 14.9 18.4 15:30 -67.8 2:50 2.6 0.0 0.0 5.8 56.3 15:10 SW
27 10.9 15.8 0:10 8.1 20:10 6.0 0.0 6.2 7.1 54.7 0:50 W
28 8.9 11.0 16:30 6.6 8:20 6.9 0.0 0.0 1.8 25.7 12:50 NNE
29 11.5 15.6 15:00 7.2 2:50 5.3 0.0 0.0 1.3 29.0 14:00 W
30 16.7 20.5 14:10 10.7 1:40 1.6 0.3 0.0 5.3 51.5 10:50 W
31 16.2 20.1 16:20 10.6 8:00 1.6 0.2 0.0 2.9 59.5 21:50 W
-------------------------------------------------------------------------------------
13.3 26.0 11 -67.8 7 106.3 6.8 54.0 3.0 62.8 11 W
Max >= 32.0: 0
Max <= 0.0: 0
Min <= 0.0: 2
Min <= -18.0: 2
Max Rain: 28.60 ON 18/01/21
Days of Rain: 8 (> .2 mm) 7 (> 2 mm) 1 (> 20 mm)
Heat Base: 18.3 Cool Base: 18.3 Method: Integration