Select a Year or Month report
Report for 2020 Mar
MONTHLY CLIMATOLOGICAL SUMMARY for MAR. 2020
NAME: Kritsa Weather Station CITY: Kritsa Weather Station STATE:
ELEV: 270 m LAT: 35 06' 00" N LONG: 25 24' 00" E
TEMPERATURE (C), RAIN (mm), WIND SPEED (km/hr)
HEAT COOL AVG
MEAN DEG DEG WIND DOM
DAY TEMP HIGH TIME LOW TIME DAYS DAYS RAIN SPEED HIGH TIME DIR
------------------------------------------------------------------------------------
1 10.9 14.5 13:40 6.9 6:20 7.4 0.0 0.0 2.7 29.0 2:10 E
2 14.2 21.8 13:40 7.5 2:40 4.6 0.5 0.0 1.4 16.1 12:40 ENE
3 15.1 21.4 10:10 10.4 6:40 3.4 0.2 0.0 7.2 49.9 14:10 SE
4 14.8 16.8 3:40 12.9 00:00 3.4 0.0 0.0 8.2 54.7 4:10 SE
5 12.3 16.4 9:40 9.6 23:00 6.0 0.0 3.0 0.6 17.7 12:50 ENE
6 12.4 17.7 15:00 7.9 6:50 5.9 0.0 0.0 1.3 27.4 14:20 ENE
7 15.8 22.8 14:30 8.7 3:50 3.4 0.9 0.0 2.9 41.8 21:50 NNE
8 18.3 22.1 12:30 13.9 23:50 1.1 1.0 0.0 11.3 64.4 11:40 SW
9 12.1 15.9 9:00 8.4 14:50 6.2 0.0 39.4 4.8 49.9 16:20 ENE
10 12.3 15.6 11:30 8.1 6:30 6.0 0.0 0.0 1.1 27.4 4:50 W
11 11.9 15.6 13:20 9.5 22:10 6.4 0.0 0.0 1.0 16.1 13:20 W
12 14.5 18.2 16:40 9.3 1:20 3.8 0.0 0.0 7.7 41.8 22:10 W
13 17.3 21.6 11:10 13.4 23:20 1.6 0.6 0.0 9.2 56.3 2:00 W
14 16.3 21.3 14:20 11.6 5:10 2.5 0.8 0.0 2.3 17.7 10:30 ENE
15 16.6 22.3 9:30 12.2 23:50 2.6 0.9 0.0 2.3 17.7 15:00 ENE
16 11.3 13.6 4:50 9.2 20:50 7.0 0.0 3.4 6.3 51.5 22:00 NNE
17 10.6 13.4 14:40 8.9 3:00 7.7 0.0 0.0 12.4 66.0 14:40 NW
18 12.9 15.3 10:30 10.9 23:00 5.3 0.0 0.0 9.7 54.7 13:20 NW
19 9.9 11.4 12:50 8.8 5:10 8.3 0.0 0.0 9.2 57.9 1:20 NNE
20 11.6 13.6 12:20 9.4 0:10 6.8 0.0 0.0 6.8 48.3 11:30 NW
21 13.3 17.9 13:30 9.4 00:00 5.0 0.0 0.0 6.6 48.3 10:00 NNE
22 13.3 18.4 13:10 8.7 3:30 5.0 0.0 0.0 4.5 43.5 14:50 SE
23 15.1 20.8 14:00 9.4 6:10 3.3 0.4 0.0 4.2 37.0 11:00 SE
24 13.6 17.4 9:30 10.1 6:10 4.7 0.0 0.0 1.9 16.1 10:50 E
25 13.3 16.2 9:50 10.8 4:30 4.9 0.0 0.0 1.6 16.1 12:20 SSW
26 13.2 17.0 15:40 11.6 5:50 5.1 0.0 12.6 3.2 37.0 16:00 SE
27 13.3 16.9 15:10 10.1 22:00 5.0 0.0 2.4 1.9 25.7 15:20 W
28 13.8 19.6 15:00 9.0 5:50 4.6 0.1 0.0 2.6 24.1 14:00 W
29 13.7 19.7 12:30 9.4 6:20 4.5 0.1 1.0 2.4 32.2 11:20 W
30 12.8 15.4 13:20 10.3 23:50 5.5 0.0 0.0 1.6 29.0 14:50 NE
31 13.0 14.7 18:10 10.5 0:10 5.3 0.0 27.2 1.8 24.1 12:00 W
-------------------------------------------------------------------------------------
13.5 22.8 7 6.9 1 152.3 5.5 89.0 4.5 66.0 17 W
Max >= 32.0: 0
Max <= 0.0: 0
Min <= 0.0: 0
Min <= -18.0: 0
Max Rain: 39.40 ON 09/03/20
Days of Rain: 7 (> .2 mm) 6 (> 2 mm) 2 (> 20 mm)
Heat Base: 18.3 Cool Base: 18.3 Method: Integration